CRAN Package Check Results for Package ParallelPC

Last updated on 2020-12-04 00:48:29 CET.

Flavor Version Tinstall Tcheck Ttotal Status Flags
r-devel-linux-x86_64-debian-clang 1.2 3.39 42.11 45.50 OK
r-devel-linux-x86_64-debian-gcc 1.2 3.12 32.63 35.75 OK
r-devel-linux-x86_64-fedora-clang 1.2 60.92 OK
r-devel-linux-x86_64-fedora-gcc 1.2 51.90 OK
r-devel-windows-ix86+x86_64 1.2 6.00 96.00 102.00 OK
r-patched-linux-x86_64 1.2 3.48 39.93 43.41 OK
r-patched-solaris-x86 1.2 79.20 OK
r-release-linux-x86_64 1.2 3.95 40.22 44.17 OK
r-release-macos-x86_64 1.2 OK
r-release-windows-ix86+x86_64 1.2 7.00 101.00 108.00 OK
r-oldrel-macos-x86_64 1.2 ERROR
r-oldrel-windows-ix86+x86_64 1.2 6.00 96.00 102.00 OK

Check Details

Version: 1.2
Check: package dependencies
Result: NOTE
    Packages suggested but not available for checking: 'pcalg', 'Rgraphviz'
Flavor: r-oldrel-macos-x86_64

Version: 1.2
Check: examples
Result: ERROR
    Running examples in ‘ParallelPC-Ex.R’ failed
    The error most likely occurred in:
    
    > ### Name: IDA_parallel
    > ### Title: Estimate Total Causal Effects using the IDA_parallel Algorithm
    > ### Aliases: IDA_parallel
    >
    > ### ** Examples
    >
    > ##########################################
    > ## Using IDA_parallel without mem.efficeient
    > ##########################################
    > library(bnlearn)
    
    Attaching package: ‘bnlearn’
    
    The following object is masked from ‘package:stats’:
    
     sigma
    
    > library(pcalg)
    Error in library(pcalg) : there is no package called ‘pcalg’
    Execution halted
Flavor: r-oldrel-macos-x86_64