CRAN Package Check Results for Package PTXQC

Last updated on 2020-12-04 00:48:30 CET.

Flavor Version Tinstall Tcheck Ttotal Status Flags
r-devel-linux-x86_64-debian-clang 1.0.7 17.58 210.23 227.81 OK
r-devel-linux-x86_64-debian-gcc 1.0.7 15.41 154.91 170.32 OK
r-devel-linux-x86_64-fedora-clang 1.0.7 266.57 NOTE
r-devel-linux-x86_64-fedora-gcc 1.0.7 276.72 OK
r-devel-windows-ix86+x86_64 1.0.7 33.00 239.00 272.00 NOTE
r-patched-linux-x86_64 1.0.7 17.95 197.04 214.99 OK
r-patched-solaris-x86 1.0.7 259.70 NOTE
r-release-linux-x86_64 1.0.7 17.19 196.58 213.77 OK
r-release-macos-x86_64 1.0.7 NOTE
r-release-windows-ix86+x86_64 1.0.7 25.00 176.00 201.00 NOTE
r-oldrel-macos-x86_64 1.0.7 NOTE
r-oldrel-windows-ix86+x86_64 1.0.7 40.00 245.00 285.00 NOTE

Check Details

Version: 1.0.7
Check: installed package size
Result: NOTE
     installed size is 7.8Mb
     sub-directories of 1Mb or more:
     doc 4.0Mb
     examples 2.6Mb
Flavors: r-devel-linux-x86_64-fedora-clang, r-devel-windows-ix86+x86_64, r-patched-solaris-x86, r-release-macos-x86_64, r-release-windows-ix86+x86_64, r-oldrel-macos-x86_64, r-oldrel-windows-ix86+x86_64