Last updated on 2020-12-04 00:48:30 CET.
Flavor | Version | Tinstall | Tcheck | Ttotal | Status | Flags |
---|---|---|---|---|---|---|
r-devel-linux-x86_64-debian-clang | 3.2.3 | 105.79 | 182.10 | 287.89 | OK | |
r-devel-linux-x86_64-debian-gcc | 3.2.3 | 79.30 | 136.96 | 216.26 | OK | |
r-devel-linux-x86_64-fedora-clang | 3.2.3 | 374.17 | NOTE | |||
r-devel-linux-x86_64-fedora-gcc | 3.2.3 | 370.54 | OK | |||
r-devel-windows-ix86+x86_64 | 3.2.3 | 200.00 | 297.00 | 497.00 | OK | |
r-patched-linux-x86_64 | 3.2.3 | 91.03 | 168.01 | 259.04 | OK | |
r-patched-solaris-x86 | 3.2.3 | 424.00 | OK | |||
r-release-linux-x86_64 | 3.2.3 | 91.04 | 168.31 | 259.35 | OK | |
r-release-macos-x86_64 | 3.2.3 | NOTE | ||||
r-release-windows-ix86+x86_64 | 3.2.3 | 147.00 | 221.00 | 368.00 | OK | |
r-oldrel-macos-x86_64 | 3.2.3 | NOTE | ||||
r-oldrel-windows-ix86+x86_64 | 3.2.3 | 183.00 | 276.00 | 459.00 | OK |
Version: 3.2.3
Check: installed package size
Result: NOTE
installed size is 16.9Mb
sub-directories of 1Mb or more:
libs 16.5Mb
Flavors: r-devel-linux-x86_64-fedora-clang, r-release-macos-x86_64, r-oldrel-macos-x86_64