CRAN Package Check Results for Package PPTcirc

Last updated on 2020-12-04 00:48:30 CET.

Flavor Version Tinstall Tcheck Ttotal Status Flags
r-devel-linux-x86_64-debian-clang 0.1.0 4.30 52.34 56.64 OK
r-devel-linux-x86_64-debian-gcc 0.1.0 3.63 38.70 42.33 OK
r-devel-linux-x86_64-fedora-clang 0.1.0 72.90 OK
r-devel-linux-x86_64-fedora-gcc 0.1.0 65.17 OK
r-devel-windows-ix86+x86_64 0.1.0 8.00 70.00 78.00 OK
r-patched-linux-x86_64 0.1.0 4.22 50.62 54.84 OK
r-patched-solaris-x86 0.1.0 84.30 OK
r-release-linux-x86_64 0.1.0 4.31 49.17 53.48 OK
r-release-macos-x86_64 0.1.0 OK
r-release-windows-ix86+x86_64 0.1.0 7.00 70.00 77.00 OK
r-oldrel-macos-x86_64 0.1.0 WARN
r-oldrel-windows-ix86+x86_64 0.1.0 6.00 66.00 72.00 WARN

Check Details

Version: 0.1.0
Check: R code for possible problems
Result: NOTE
    postppt.plot: no visible global function definition for ‘plot’
    priorppt.plot: no visible global function definition for ‘plot’
    Undefined global functions or variables:
     plot
    Consider adding
     importFrom("graphics", "plot")
    to your NAMESPACE file.
Flavors: r-oldrel-macos-x86_64, r-oldrel-windows-ix86+x86_64

Version: 0.1.0
Check: Rd cross-references
Result: WARN
    Missing link or links in documentation object 'postppt.plot.Rd':
     ‘[base]{plot}’
    
    Missing link or links in documentation object 'priorppt.plot.Rd':
     ‘[base]{plot}’
    
    See section 'Cross-references' in the 'Writing R Extensions' manual.
Flavors: r-oldrel-macos-x86_64, r-oldrel-windows-ix86+x86_64