CRAN Package Check Results for Package PPRL

Last updated on 2020-12-04 00:48:30 CET.

Flavor Version Tinstall Tcheck Ttotal Status Flags
r-devel-linux-x86_64-debian-clang 0.3.5.2 255.33 28.28 283.61 OK
r-devel-linux-x86_64-debian-gcc 0.3.5.2 157.48 24.06 181.54 OK
r-devel-linux-x86_64-fedora-clang 0.3.5.2 431.71 NOTE
r-devel-linux-x86_64-fedora-gcc 0.3.5.2 365.49 OK
r-devel-windows-ix86+x86_64 0.3.5.2 590.00 75.00 665.00 WARN
r-patched-linux-x86_64 0.3.5.2 192.52 28.19 220.71 OK
r-patched-solaris-x86 0.3.5.2 271.80 WARN
r-release-linux-x86_64 0.3.5.2 193.58 28.89 222.47 OK
r-release-macos-x86_64 0.3.5.2 NOTE
r-release-windows-ix86+x86_64 0.3.5.2 463.00 79.00 542.00 WARN
r-oldrel-macos-x86_64 0.3.5.2 NOTE
r-oldrel-windows-ix86+x86_64 0.3.5.2 461.00 69.00 530.00 WARN

Check Details

Version: 0.3.5.2
Check: installed package size
Result: NOTE
     installed size is 12.5Mb
     sub-directories of 1Mb or more:
     libs 11.5Mb
Flavors: r-devel-linux-x86_64-fedora-clang, r-release-macos-x86_64, r-oldrel-macos-x86_64

Version: 0.3.5.2
Check: whether package can be installed
Result: WARN
    Found the following significant warnings:
     StandardizeString.cpp:13:25: warning: passing NULL to non-pointer argument 1 of 'Rcpp::Vector<RTYPE, StoragePolicy>::Vector(const int&) [with int RTYPE = 16; StoragePolicy = Rcpp::PreserveStorage]' [-Wconversion-null]
Flavors: r-devel-windows-ix86+x86_64, r-patched-solaris-x86, r-release-windows-ix86+x86_64, r-oldrel-windows-ix86+x86_64