Last updated on 2020-12-04 00:48:30 CET.
Flavor | Version | Tinstall | Tcheck | Ttotal | Status | Flags |
---|---|---|---|---|---|---|
r-devel-linux-x86_64-debian-clang | 0.15-0 | 10.53 | 104.71 | 115.24 | OK | |
r-devel-linux-x86_64-debian-gcc | 0.15-0 | 8.22 | 84.40 | 92.62 | OK | |
r-devel-linux-x86_64-fedora-clang | 0.15-0 | 149.75 | OK | |||
r-devel-linux-x86_64-fedora-gcc | 0.15-0 | 146.98 | OK | |||
r-devel-windows-ix86+x86_64 | 0.15-0 | 16.00 | 144.00 | 160.00 | OK | |
r-patched-linux-x86_64 | 0.15-0 | 10.18 | 102.20 | 112.38 | OK | |
r-patched-solaris-x86 | 0.15-0 | 167.10 | OK | |||
r-release-linux-x86_64 | 0.15-0 | 10.02 | 101.90 | 111.92 | OK | |
r-release-macos-x86_64 | 0.15-0 | OK | ||||
r-release-windows-ix86+x86_64 | 0.15-0 | 14.00 | 147.00 | 161.00 | OK | |
r-oldrel-macos-x86_64 | 0.15-0 | ERROR | ||||
r-oldrel-windows-ix86+x86_64 | 0.14-0 | 10.00 | 104.00 | 114.00 | OK |
Version: 0.15-0
Check: whether package can be installed
Result: ERROR
Installation failed.
Flavor: r-oldrel-macos-x86_64