CRAN Package Check Results for Package PLNmodels

Last updated on 2020-12-04 00:48:29 CET.

Flavor Version Tinstall Tcheck Ttotal Status Flags
r-devel-linux-x86_64-debian-clang 0.10.6 104.35 238.41 342.76 OK
r-devel-linux-x86_64-debian-gcc 0.10.6 77.76 174.37 252.13 OK
r-devel-linux-x86_64-fedora-clang 0.10.6 483.90 NOTE
r-devel-linux-x86_64-fedora-gcc 0.10.6 471.18 OK
r-devel-windows-ix86+x86_64 0.10.6 232.00 470.00 702.00 NOTE
r-patched-linux-x86_64 0.10.6 86.75 227.29 314.04 OK
r-patched-solaris-x86 0.10.6 532.30 OK
r-release-linux-x86_64 0.10.6 86.49 225.74 312.23 OK
r-release-macos-x86_64 0.10.6 NOTE
r-release-windows-ix86+x86_64 0.10.6 172.00 365.00 537.00 NOTE
r-oldrel-macos-x86_64 0.10.6 NOTE
r-oldrel-windows-ix86+x86_64 0.10.6 208.00 449.00 657.00 OK

Check Details

Version: 0.10.6
Check: installed package size
Result: NOTE
     installed size is 9.8Mb
     sub-directories of 1Mb or more:
     doc 1.7Mb
     libs 7.1Mb
Flavors: r-devel-linux-x86_64-fedora-clang, r-devel-windows-ix86+x86_64, r-release-macos-x86_64, r-release-windows-ix86+x86_64, r-oldrel-macos-x86_64