Last updated on 2020-12-04 00:48:29 CET.
Flavor | Version | Tinstall | Tcheck | Ttotal | Status | Flags |
---|---|---|---|---|---|---|
r-devel-linux-x86_64-debian-clang | 0.1.0 | 10.97 | 136.25 | 147.22 | OK | |
r-devel-linux-x86_64-debian-gcc | 0.1.0 | 7.22 | 105.27 | 112.49 | OK | |
r-devel-linux-x86_64-fedora-clang | 0.1.0 | 179.61 | NOTE | |||
r-devel-linux-x86_64-fedora-gcc | 0.1.0 | 180.77 | NOTE | |||
r-devel-windows-ix86+x86_64 | 0.1.0 | 23.00 | 161.00 | 184.00 | OK | |
r-patched-linux-x86_64 | 0.1.0 | 9.91 | 132.34 | 142.25 | OK | |
r-patched-solaris-x86 | 0.1.0 | 229.00 | NOTE | |||
r-release-linux-x86_64 | 0.1.0 | 9.24 | 130.73 | 139.97 | OK | |
r-release-macos-x86_64 | 0.1.0 | NOTE | ||||
r-release-windows-ix86+x86_64 | 0.1.0 | 17.00 | 120.00 | 137.00 | OK | |
r-oldrel-macos-x86_64 | 0.1.0 | NOTE | ||||
r-oldrel-windows-ix86+x86_64 | 0.1.0 | 16.00 | 155.00 | 171.00 | OK |
Version: 0.1.0
Check: dependencies in R code
Result: NOTE
Namespace in Imports field not imported from: ‘glmnet’
All declared Imports should be used.
Flavors: r-devel-linux-x86_64-fedora-clang, r-devel-linux-x86_64-fedora-gcc, r-patched-solaris-x86, r-release-macos-x86_64, r-oldrel-macos-x86_64