CRAN Package Check Results for Package PCRedux

Last updated on 2020-12-04 00:48:29 CET.

Flavor Version Tinstall Tcheck Ttotal Status Flags
r-devel-linux-x86_64-debian-clang 1.0-6 15.39 174.95 190.34 NOTE
r-devel-linux-x86_64-debian-gcc 1.0-6 14.57 135.85 150.42 NOTE
r-devel-linux-x86_64-fedora-clang 1.0-6 244.91 NOTE
r-devel-linux-x86_64-fedora-gcc 1.0-6 238.42 NOTE
r-devel-windows-ix86+x86_64 1.0-6 38.00 223.00 261.00 OK
r-patched-linux-x86_64 1.0-6 12.23 166.87 179.10 NOTE
r-patched-solaris-x86 1.0-6 320.00 NOTE
r-release-linux-x86_64 1.0-6 12.34 168.40 180.74 NOTE
r-release-macos-x86_64 1.0-6 OK
r-release-windows-ix86+x86_64 1.0-6 28.00 170.00 198.00 OK
r-oldrel-macos-x86_64 1.0-6 WARN
r-oldrel-windows-ix86+x86_64 1.0-6 28.00 200.00 228.00 OK

Check Details

Version: 1.0-6
Check: package dependencies
Result: NOTE
    Package suggested but not available for checking: 'FFTrees'
Flavors: r-devel-linux-x86_64-debian-clang, r-devel-linux-x86_64-debian-gcc, r-devel-linux-x86_64-fedora-clang, r-devel-linux-x86_64-fedora-gcc, r-patched-linux-x86_64, r-patched-solaris-x86, r-release-linux-x86_64

Version: 1.0-6
Check: whether package can be installed
Result: WARN
    Found the following significant warnings:
     Warning: 'rgl.init' failed, running with 'rgl.useNULL = TRUE'.
Flavor: r-oldrel-macos-x86_64