CRAN Package Check Results for Package PCADSC

Last updated on 2020-12-04 00:48:29 CET.

Flavor Version Tinstall Tcheck Ttotal Status Flags
r-devel-linux-x86_64-debian-clang 0.8.0 6.18 50.64 56.82 OK
r-devel-linux-x86_64-debian-gcc 0.8.0 4.25 40.14 44.39 OK
r-devel-linux-x86_64-fedora-clang 0.8.0 72.45 NOTE
r-devel-linux-x86_64-fedora-gcc 0.8.0 64.07 NOTE
r-devel-windows-ix86+x86_64 0.8.0 13.00 68.00 81.00 OK
r-patched-linux-x86_64 0.8.0 5.92 47.69 53.61 OK
r-patched-solaris-x86 0.8.0 93.10 NOTE
r-release-linux-x86_64 0.8.0 5.53 47.24 52.77 OK
r-release-macos-x86_64 0.8.0 NOTE
r-release-windows-ix86+x86_64 0.8.0 10.00 52.00 62.00 OK
r-oldrel-macos-x86_64 0.8.0 NOTE
r-oldrel-windows-ix86+x86_64 0.8.0 10.00 66.00 76.00 OK

Check Details

Version: 0.8.0
Check: dependencies in R code
Result: NOTE
    Namespaces in Imports field not imported from:
     ‘Matrix’ ‘pander’
     All declared Imports should be used.
Flavors: r-devel-linux-x86_64-fedora-clang, r-devel-linux-x86_64-fedora-gcc, r-patched-solaris-x86, r-release-macos-x86_64, r-oldrel-macos-x86_64

Version: 0.8.0
Check: Rd cross-references
Result: NOTE
    Undeclared packages ‘tibble’, ‘data.table’ in Rd xrefs
Flavor: r-devel-linux-x86_64-fedora-clang