Last updated on 2020-12-04 00:48:29 CET.
Flavor | Version | Tinstall | Tcheck | Ttotal | Status | Flags |
---|---|---|---|---|---|---|
r-devel-linux-x86_64-debian-clang | 2.72.1 | 21.55 | 88.82 | 110.37 | OK | |
r-devel-linux-x86_64-debian-gcc | 2.72.1 | 16.94 | 67.84 | 84.78 | OK | |
r-devel-linux-x86_64-fedora-clang | 2.72.1 | 147.29 | NOTE | |||
r-devel-linux-x86_64-fedora-gcc | 2.72.1 | 135.37 | OK | |||
r-devel-windows-ix86+x86_64 | 2.72.1 | 52.00 | 141.00 | 193.00 | NOTE | |
r-patched-linux-x86_64 | 2.72.1 | 20.08 | 81.67 | 101.75 | OK | |
r-patched-solaris-x86 | 2.72.1 | 171.30 | NOTE | |||
r-release-linux-x86_64 | 2.72.1 | 20.49 | 84.07 | 104.56 | OK | |
r-release-macos-x86_64 | 2.72.1 | NOTE | ||||
r-release-windows-ix86+x86_64 | 2.72.1 | 41.00 | 150.00 | 191.00 | NOTE | |
r-oldrel-macos-x86_64 | 2.72.1 | NOTE | ||||
r-oldrel-windows-ix86+x86_64 | 2.72.1 | 42.00 | 138.00 | 180.00 | NOTE |
Version: 2.72.1
Check: installed package size
Result: NOTE
installed size is 6.8Mb
sub-directories of 1Mb or more:
data 2.7Mb
doc 1.1Mb
libs 1.4Mb
Flavors: r-devel-linux-x86_64-fedora-clang, r-devel-windows-ix86+x86_64, r-patched-solaris-x86, r-release-macos-x86_64, r-release-windows-ix86+x86_64, r-oldrel-macos-x86_64, r-oldrel-windows-ix86+x86_64