CRAN Package Check Results for Package PAC

Last updated on 2020-12-04 00:48:29 CET.

Flavor Version Tinstall Tcheck Ttotal Status Flags
r-devel-linux-x86_64-debian-clang 1.1.2 28.49 74.95 103.44 WARN
r-devel-linux-x86_64-debian-gcc 1.1.2 21.59 51.52 73.11 WARN
r-devel-linux-x86_64-fedora-clang 1.1.2 138.16 WARN
r-devel-linux-x86_64-fedora-gcc 1.1.2 115.87 WARN
r-devel-windows-ix86+x86_64 1.1.2 66.00 114.00 180.00 WARN
r-patched-linux-x86_64 1.1.2 25.04 62.12 87.16 OK
r-patched-solaris-x86 1.1.2 142.80 OK
r-release-linux-x86_64 1.1.2 23.94 62.27 86.21 OK
r-release-macos-x86_64 1.1.2 OK
r-release-windows-ix86+x86_64 1.1.2 50.00 90.00 140.00 OK
r-oldrel-macos-x86_64 1.1.2 OK
r-oldrel-windows-ix86+x86_64 1.1.2 55.00 109.00 164.00 OK

Check Details

Version: 1.1.2
Check: re-building of vignette outputs
Result: WARN
    Error(s) in re-building vignettes:
     ...
    --- re-building 'intro.Rmd' using rmarkdown
    Warning in engine$weave(file, quiet = quiet, encoding = enc) :
     The vignette engine knitr::rmarkdown is not available because the rmarkdown package is not available. Did you forget to add it to Suggests in DESCRIPTION? Please see https://github.com/yihui/knitr/issues/1864 for more information.
    Quitting from lines 68-71 (intro.Rmd)
    Error: processing vignette 'intro.Rmd' failed with diagnostics:
    undefined columns selected
    --- failed re-building 'intro.Rmd'
    
    SUMMARY: processing the following file failed:
     'intro.Rmd'
    
    Error: Vignette re-building failed.
    Execution halted
Flavors: r-devel-linux-x86_64-debian-clang, r-devel-linux-x86_64-debian-gcc

Version: 1.1.2
Check: re-building of vignette outputs
Result: WARN
    Error(s) in re-building vignettes:
    --- re-building ‘intro.Rmd’ using rmarkdown
    Warning in engine$weave(file, quiet = quiet, encoding = enc) :
     The vignette engine knitr::rmarkdown is not available because the rmarkdown package is not available. Did you forget to add it to Suggests in DESCRIPTION? Please see https://github.com/yihui/knitr/issues/1864 for more information.
    OMP: Warning #96: Cannot form a team with 24 threads, using 2 instead.
    OMP: Hint Consider unsetting KMP_DEVICE_THREAD_LIMIT (KMP_ALL_THREADS), KMP_TEAMS_THREAD_LIMIT, and OMP_THREAD_LIMIT (if any are set).
    Quitting from lines 68-71 (intro.Rmd)
    Error: processing vignette 'intro.Rmd' failed with diagnostics:
    undefined columns selected
    --- failed re-building ‘intro.Rmd’
    
    SUMMARY: processing the following file failed:
     ‘intro.Rmd’
    
    Error: Vignette re-building failed.
    Execution halted
Flavor: r-devel-linux-x86_64-fedora-clang

Version: 1.1.2
Check: re-building of vignette outputs
Result: WARN
    Error(s) in re-building vignettes:
    --- re-building ‘intro.Rmd’ using rmarkdown
    Quitting from lines 68-71 (intro.Rmd)
    Error: processing vignette 'intro.Rmd' failed with diagnostics:
    undefined columns selected
    --- failed re-building ‘intro.Rmd’
    
    SUMMARY: processing the following file failed:
     ‘intro.Rmd’
    
    Error: Vignette re-building failed.
    Execution halted
Flavor: r-devel-linux-x86_64-fedora-gcc

Version: 1.1.2
Check: re-building of vignette outputs
Result: WARN
    Error(s) in re-building vignettes:
    --- re-building 'intro.Rmd' using rmarkdown
    Warning in engine$weave(file, quiet = quiet, encoding = enc) :
     The vignette engine knitr::rmarkdown is not available because the rmarkdown package is not available. Did you forget to add it to Suggests in DESCRIPTION? Please see https://github.com/yihui/knitr/issues/1864 for more information.
    Quitting from lines 68-71 (intro.Rmd)
    Error: processing vignette 'intro.Rmd' failed with diagnostics:
    undefined columns selected
    --- failed re-building 'intro.Rmd'
    
    SUMMARY: processing the following file failed:
     'intro.Rmd'
    
    Error: Vignette re-building failed.
    Execution halted
Flavor: r-devel-windows-ix86+x86_64