CRAN Package Check Results for Package OptimalDesign

Last updated on 2020-12-04 00:48:28 CET.

Flavor Version Tinstall Tcheck Ttotal Status Flags
r-devel-linux-x86_64-debian-clang 1.0.1 11.29 62.26 73.55 NOTE
r-devel-linux-x86_64-debian-gcc 1.0.1 9.69 45.90 55.59 NOTE
r-devel-linux-x86_64-fedora-clang 1.0.1 92.49 NOTE
r-devel-linux-x86_64-fedora-gcc 1.0.1 82.61 NOTE
r-devel-windows-ix86+x86_64 1.0.1 17.00 74.00 91.00 NOTE
r-patched-linux-x86_64 1.0.1 9.25 58.11 67.36 NOTE
r-patched-solaris-x86 1.0.1 101.60 NOTE
r-release-linux-x86_64 1.0.1 9.44 56.91 66.35 NOTE
r-release-macos-x86_64 1.0.1 NOTE
r-release-windows-ix86+x86_64 1.0.1 14.00 77.00 91.00 NOTE
r-oldrel-macos-x86_64 1.0.1 NOTE
r-oldrel-windows-ix86+x86_64 1.0.1 12.00 70.00 82.00 NOTE

Check Details

Version: 1.0.1
Check: package dependencies
Result: NOTE
    Package which this enhances but not available for checking: 'gurobi'
Flavors: r-devel-linux-x86_64-debian-clang, r-devel-linux-x86_64-debian-gcc, r-devel-linux-x86_64-fedora-clang, r-devel-linux-x86_64-fedora-gcc, r-devel-windows-ix86+x86_64, r-patched-linux-x86_64, r-patched-solaris-x86, r-release-linux-x86_64, r-release-macos-x86_64, r-release-windows-ix86+x86_64, r-oldrel-macos-x86_64, r-oldrel-windows-ix86+x86_64

Version: 1.0.1
Check: dependencies in R code
Result: NOTE
    No protocol specified
Flavor: r-oldrel-macos-x86_64