CRAN Package Check Results for Package OpenML

Last updated on 2020-12-04 00:48:28 CET.

Flavor Version Tinstall Tcheck Ttotal Status Flags
r-devel-linux-x86_64-debian-clang 1.10 8.95 68.33 77.28 OK
r-devel-linux-x86_64-debian-gcc 1.10 7.81 49.66 57.47 OK
r-devel-linux-x86_64-fedora-clang 1.10 96.81 OK
r-devel-linux-x86_64-fedora-gcc 1.10 91.41 OK
r-devel-windows-ix86+x86_64 1.10 15.00 82.00 97.00 OK
r-patched-linux-x86_64 1.10 8.22 62.65 70.87 OK
r-patched-solaris-x86 1.10 118.00 NOTE
r-release-linux-x86_64 1.10 8.21 62.15 70.36 OK
r-release-macos-x86_64 1.10 OK
r-release-windows-ix86+x86_64 1.10 11.00 61.00 72.00 OK
r-oldrel-macos-x86_64 1.10 OK
r-oldrel-windows-ix86+x86_64 1.10 12.00 81.00 93.00 OK

Check Details

Version: 1.10
Check: package dependencies
Result: NOTE
    Package suggested but not available for checking: ‘RWeka’
Flavor: r-patched-solaris-x86