Last updated on 2020-12-04 00:48:28 CET.
Flavor | Version | Tinstall | Tcheck | Ttotal | Status | Flags |
---|---|---|---|---|---|---|
r-devel-linux-x86_64-debian-clang | 1.1.7 | 64.25 | 99.20 | 163.45 | OK | |
r-devel-linux-x86_64-debian-gcc | 1.1.7 | 49.82 | 74.99 | 124.81 | OK | |
r-devel-linux-x86_64-fedora-clang | 1.1.7 | 222.38 | NOTE | |||
r-devel-linux-x86_64-fedora-gcc | 1.1.7 | 209.08 | OK | |||
r-devel-windows-ix86+x86_64 | 1.1.7 | 131.00 | 190.00 | 321.00 | NOTE | |
r-patched-linux-x86_64 | 1.1.7 | 55.71 | 91.02 | 146.73 | OK | |
r-patched-solaris-x86 | 1.1.7 | 283.30 | OK | |||
r-release-linux-x86_64 | 1.1.7 | 51.74 | 91.34 | 143.08 | OK | |
r-release-macos-x86_64 | 1.1.7 | NOTE | ||||
r-release-windows-ix86+x86_64 | 1.1.7 | 105.00 | 146.00 | 251.00 | NOTE | |
r-oldrel-macos-x86_64 | 1.1.7 | NOTE | ||||
r-oldrel-windows-ix86+x86_64 | 1.1.7 | 102.00 | 183.00 | 285.00 | NOTE |
Version: 1.1.7
Check: installed package size
Result: NOTE
installed size is 9.0Mb
sub-directories of 1Mb or more:
doc 2.1Mb
libs 6.2Mb
Flavors: r-devel-linux-x86_64-fedora-clang, r-devel-windows-ix86+x86_64, r-release-macos-x86_64, r-release-windows-ix86+x86_64, r-oldrel-macos-x86_64, r-oldrel-windows-ix86+x86_64