Last updated on 2020-12-04 00:48:28 CET.
Flavor | Version | Tinstall | Tcheck | Ttotal | Status | Flags |
---|---|---|---|---|---|---|
r-devel-linux-x86_64-debian-clang | 1.7.2 | 416.24 | 67.98 | 484.22 | OK | |
r-devel-linux-x86_64-debian-gcc | 1.7.2 | 253.24 | 54.54 | 307.78 | OK | |
r-devel-linux-x86_64-fedora-clang | 1.7.2 | 911.59 | NOTE | |||
r-devel-linux-x86_64-fedora-gcc | 1.7.2 | 611.10 | OK | |||
r-devel-windows-ix86+x86_64 | 1.7.2 | 926.00 | 131.00 | 1057.00 | NOTE | |
r-patched-linux-x86_64 | 1.7.2 | 314.06 | 67.07 | 381.13 | OK | |
r-patched-solaris-x86 | 1.7.2 | 435.00 | NOTE | |||
r-release-linux-x86_64 | 1.7.2 | 310.92 | 67.31 | 378.23 | OK | |
r-release-macos-x86_64 | 1.7.2 | NOTE | ||||
r-release-windows-ix86+x86_64 | 1.7.2 | 797.00 | 135.00 | 932.00 | NOTE | |
r-oldrel-macos-x86_64 | 1.7.2 | NOTE | ||||
r-oldrel-windows-ix86+x86_64 | 1.7.2 | 903.00 | 129.00 | 1032.00 | NOTE |
Version: 1.7.2
Check: installed package size
Result: NOTE
installed size is 28.3Mb
sub-directories of 1Mb or more:
doc 7.4Mb
libs 20.5Mb
Flavors: r-devel-linux-x86_64-fedora-clang, r-devel-windows-ix86+x86_64, r-patched-solaris-x86, r-release-macos-x86_64, r-release-windows-ix86+x86_64, r-oldrel-macos-x86_64, r-oldrel-windows-ix86+x86_64