CRAN Package Check Results for Package NormalBetaPrime

Last updated on 2020-12-04 00:48:28 CET.

Flavor Version Tinstall Tcheck Ttotal Status Flags
r-devel-linux-x86_64-debian-clang 2.2 11.13 92.12 103.25 OK
r-devel-linux-x86_64-debian-gcc 2.2 8.98 70.83 79.81 OK
r-devel-linux-x86_64-fedora-clang 2.2 126.64 NOTE
r-devel-linux-x86_64-fedora-gcc 2.2 123.89 OK
r-devel-windows-ix86+x86_64 2.2 20.00 112.00 132.00 OK
r-patched-linux-x86_64 2.2 10.50 92.61 103.11 OK
r-patched-solaris-x86 2.2 173.30 NOTE
r-release-linux-x86_64 2.2 10.44 91.25 101.69 OK
r-release-macos-x86_64 2.2 NOTE
r-release-windows-ix86+x86_64 2.2 16.00 123.00 139.00 OK
r-oldrel-macos-x86_64 2.2 NOTE
r-oldrel-windows-ix86+x86_64 2.2 16.00 113.00 129.00 OK

Check Details

Version: 2.2
Check: installed package size
Result: NOTE
     installed size is 5.1Mb
     sub-directories of 1Mb or more:
     data 4.8Mb
Flavors: r-devel-linux-x86_64-fedora-clang, r-patched-solaris-x86, r-release-macos-x86_64, r-oldrel-macos-x86_64