CRAN Package Check Results for Package NonProbEst

Last updated on 2020-12-04 00:48:28 CET.

Flavor Version Tinstall Tcheck Ttotal Status Flags
r-devel-linux-x86_64-debian-clang 0.2.4 13.60 152.32 165.92 OK
r-devel-linux-x86_64-debian-gcc 0.2.4 11.42 115.45 126.87 OK
r-devel-linux-x86_64-fedora-clang 0.2.4 198.64 NOTE
r-devel-linux-x86_64-fedora-gcc 0.2.4 201.10 NOTE
r-devel-windows-ix86+x86_64 0.2.4 30.00 179.00 209.00 OK
r-patched-linux-x86_64 0.2.4 12.18 142.28 154.46 OK
r-patched-solaris-x86 0.2.4 277.20 NOTE
r-release-linux-x86_64 0.2.4 13.16 141.86 155.02 OK
r-release-macos-x86_64 0.2.4 NOTE
r-release-windows-ix86+x86_64 0.2.4 20.00 184.00 204.00 OK
r-oldrel-macos-x86_64 0.2.4 NOTE
r-oldrel-windows-ix86+x86_64 0.2.4 27.00 172.00 199.00 OK

Check Details

Version: 0.2.4
Check: dependencies in R code
Result: NOTE
    Namespaces in Imports field not imported from:
     ‘Matrix’ ‘e1071’ ‘glmnet’
     All declared Imports should be used.
Flavors: r-devel-linux-x86_64-fedora-clang, r-devel-linux-x86_64-fedora-gcc, r-patched-solaris-x86, r-release-macos-x86_64, r-oldrel-macos-x86_64