CRAN Package Check Results for Package NipponMap

Last updated on 2020-12-04 00:48:28 CET.

Flavor Version Tinstall Tcheck Ttotal Status Flags
r-devel-linux-x86_64-debian-clang 0.2 5.33 47.61 52.94 OK
r-devel-linux-x86_64-debian-gcc 0.2 4.72 37.30 42.02 OK
r-devel-linux-x86_64-fedora-clang 0.2 70.68 NOTE
r-devel-linux-x86_64-fedora-gcc 0.2 64.59 OK
r-devel-windows-ix86+x86_64 0.2 12.00 61.00 73.00 OK
r-patched-linux-x86_64 0.2 5.10 45.36 50.46 OK
r-patched-solaris-x86 0.2 93.50 OK
r-release-linux-x86_64 0.2 5.98 45.35 51.33 OK
r-release-macos-x86_64 0.2 OK
r-release-windows-ix86+x86_64 0.2 9.00 64.00 73.00 OK
r-oldrel-macos-x86_64 0.2 OK
r-oldrel-windows-ix86+x86_64 0.2 9.00 58.00 67.00 OK

Check Details

Version: 0.2
Check: Rd cross-references
Result: NOTE
    Undeclared packages ‘cshapes’, ‘mapdata’ in Rd xrefs
Flavor: r-devel-linux-x86_64-fedora-clang