CRAN Package Check Results for Package NetMix

Last updated on 2020-12-04 00:48:28 CET.

Flavor Version Tinstall Tcheck Ttotal Status Flags
r-devel-linux-x86_64-debian-clang 0.1.5 76.65 98.82 175.47 OK
r-devel-linux-x86_64-debian-gcc 0.1.5 53.99 73.19 127.18 OK
r-devel-linux-x86_64-fedora-clang 0.1.5 240.31 NOTE
r-devel-linux-x86_64-fedora-gcc 0.1.5 217.65 NOTE
r-devel-windows-ix86+x86_64 0.1.5 185.00 228.00 413.00 OK
r-patched-linux-x86_64 0.1.5 65.89 94.21 160.10 OK
r-patched-solaris-x86 0.1.5 263.10 NOTE
r-release-linux-x86_64 0.1.5 64.40 92.78 157.18 OK
r-release-macos-x86_64 0.1.5 NOTE
r-release-windows-ix86+x86_64 0.1.5 135.00 193.00 328.00 OK
r-oldrel-macos-x86_64 0.1.5 NOTE
r-oldrel-windows-ix86+x86_64 0.1.5 139.00 222.00 361.00 OK

Check Details

Version: 0.1.5
Check: dependencies in R code
Result: NOTE
    Namespace in Imports field not imported from: ‘clue’
     All declared Imports should be used.
Flavors: r-devel-linux-x86_64-fedora-clang, r-devel-linux-x86_64-fedora-gcc, r-patched-solaris-x86, r-release-macos-x86_64, r-oldrel-macos-x86_64