Last updated on 2020-12-04 00:48:28 CET.
Flavor | Version | Tinstall | Tcheck | Ttotal | Status | Flags |
---|---|---|---|---|---|---|
r-devel-linux-x86_64-debian-clang | 1.2.1.1 | 13.45 | 112.10 | 125.55 | NOTE | |
r-devel-linux-x86_64-debian-gcc | 1.2.1.1 | 10.44 | 83.88 | 94.32 | NOTE | |
r-devel-linux-x86_64-fedora-clang | 1.2.1.1 | 152.47 | NOTE | |||
r-devel-linux-x86_64-fedora-gcc | 1.2.1.1 | 150.51 | NOTE | |||
r-devel-windows-ix86+x86_64 | 1.2.1.1 | 27.00 | 137.00 | 164.00 | WARN | |
r-patched-linux-x86_64 | 1.2.1.1 | 11.62 | 103.33 | 114.95 | NOTE | |
r-patched-solaris-x86 | 1.2.1.1 | 186.00 | NOTE | |||
r-release-linux-x86_64 | 1.2.1.1 | 13.92 | 104.62 | 118.54 | NOTE | |
r-release-macos-x86_64 | 1.2.1.1 | OK | ||||
r-release-windows-ix86+x86_64 | 1.2.1.1 | 22.00 | 138.00 | 160.00 | WARN | |
r-oldrel-macos-x86_64 | 1.2.1.1 | OK | ||||
r-oldrel-windows-ix86+x86_64 | 1.2.1.1 | 20.00 | 131.00 | 151.00 | WARN |
Version: 1.2.1.1
Check: for non-standard things in the check directory
Result: NOTE
Found the following files/directories:
'NanoStringNorm_Example_Plots_All.pdf'
'NanoStringNorm_Interactive_Plot'
Flavors: r-devel-linux-x86_64-debian-clang, r-devel-linux-x86_64-debian-gcc, r-devel-linux-x86_64-fedora-clang, r-devel-linux-x86_64-fedora-gcc, r-patched-linux-x86_64, r-patched-solaris-x86, r-release-linux-x86_64
Version: 1.2.1.1
Check: whether package can be installed
Result: WARN
Found the following significant warnings:
Warning: namespace 'Rcpp' is not available and has been replaced
Flavors: r-devel-windows-ix86+x86_64, r-release-windows-ix86+x86_64, r-oldrel-windows-ix86+x86_64