CRAN Package Check Results for Package NLPutils

Last updated on 2020-12-04 00:48:28 CET.

Flavor Version Tinstall Tcheck Ttotal Status Flags
r-devel-linux-x86_64-debian-clang 0.0-5 11.08 83.91 94.99 OK
r-devel-linux-x86_64-debian-gcc 0.0-5 7.86 64.87 72.73 OK
r-devel-linux-x86_64-fedora-clang 0.0-5 119.65 OK
r-devel-linux-x86_64-fedora-gcc 0.0-5 110.12 OK
r-devel-windows-ix86+x86_64 0.0-5 22.00 97.00 119.00 OK
r-patched-linux-x86_64 0.0-5 9.78 78.39 88.17 OK
r-patched-solaris-x86 0.0-5 156.80 OK
r-release-linux-x86_64 0.0-5 9.39 77.43 86.82 OK
r-release-macos-x86_64 0.0-5 OK
r-release-windows-ix86+x86_64 0.0-5 16.00 99.00 115.00 OK
r-oldrel-macos-x86_64 0.0-5 OK
r-oldrel-windows-ix86+x86_64 0.0-5 10.00 7.00 17.00 ERROR

Check Details

Version: 0.0-5
Check: whether package can be installed
Result: ERROR
    Installation failed.
Flavor: r-oldrel-windows-ix86+x86_64