Last updated on 2020-12-04 00:48:28 CET.
Flavor | Version | Tinstall | Tcheck | Ttotal | Status | Flags |
---|---|---|---|---|---|---|
r-devel-linux-x86_64-debian-clang | 0.2-1 | 4.68 | 34.31 | 38.99 | OK | |
r-devel-linux-x86_64-debian-gcc | 0.2-1 | 3.80 | 26.90 | 30.70 | OK | |
r-devel-linux-x86_64-fedora-clang | 0.2-1 | 52.90 | NOTE | |||
r-devel-linux-x86_64-fedora-gcc | 0.2-1 | 45.22 | OK | |||
r-devel-windows-ix86+x86_64 | 0.2-1 | 8.00 | 46.00 | 54.00 | OK | |
r-patched-linux-x86_64 | 0.2-1 | 4.86 | 32.75 | 37.61 | OK | |
r-patched-solaris-x86 | 0.2-1 | 63.50 | OK | |||
r-release-linux-x86_64 | 0.2-1 | 4.25 | 32.93 | 37.18 | OK | |
r-release-macos-x86_64 | 0.2-1 | OK | ||||
r-release-windows-ix86+x86_64 | 0.2-1 | 6.00 | 46.00 | 52.00 | OK | |
r-oldrel-macos-x86_64 | 0.2-1 | OK | ||||
r-oldrel-windows-ix86+x86_64 | 0.2-1 | 7.00 | 50.00 | 57.00 | OK |
Version: 0.2-1
Check: Rd cross-references
Result: NOTE
Undeclared package ‘tm’ in Rd xrefs
Flavor: r-devel-linux-x86_64-fedora-clang