CRAN Package Check Results for Package NIPTeR

Last updated on 2020-12-04 00:48:28 CET.

Flavor Version Tinstall Tcheck Ttotal Status Flags
r-devel-linux-x86_64-debian-clang 1.0.2 18.57 149.37 167.94 OK
r-devel-linux-x86_64-debian-gcc 1.0.2 15.25 114.20 129.45 OK
r-devel-linux-x86_64-fedora-clang 1.0.2 207.72 OK
r-devel-linux-x86_64-fedora-gcc 1.0.2 202.40 OK
r-devel-windows-ix86+x86_64 1.0.2 33.00 167.00 200.00 OK
r-patched-linux-x86_64 1.0.2 17.50 140.11 157.61 OK
r-patched-solaris-x86 1.0.2 297.90 OK
r-release-linux-x86_64 1.0.2 17.38 138.01 155.39 OK
r-release-macos-x86_64 1.0.2 OK
r-release-windows-ix86+x86_64 1.0.2 30.00 129.00 159.00 OK
r-oldrel-macos-x86_64 1.0.2 ERROR
r-oldrel-windows-ix86+x86_64 1.0.2 31.00 161.00 192.00 OK

Check Details

Version: 1.0.2
Check: whether package can be installed
Result: ERROR
    Installation failed.
Flavor: r-oldrel-macos-x86_64