Last updated on 2020-12-04 00:48:28 CET.
Flavor | Version | Tinstall | Tcheck | Ttotal | Status | Flags |
---|---|---|---|---|---|---|
r-devel-linux-x86_64-debian-clang | 0.1.0 | 2.77 | 20.46 | 23.23 | OK | |
r-devel-linux-x86_64-debian-gcc | 0.1.0 | 2.49 | 16.71 | 19.20 | OK | |
r-devel-linux-x86_64-fedora-clang | 0.1.0 | 33.98 | NOTE | |||
r-devel-linux-x86_64-fedora-gcc | 0.1.0 | 24.58 | NOTE | |||
r-devel-windows-ix86+x86_64 | 0.1.0 | 6.00 | 33.00 | 39.00 | OK | |
r-patched-linux-x86_64 | 0.1.0 | 3.11 | 20.03 | 23.14 | OK | |
r-patched-solaris-x86 | 0.1.0 | 40.00 | NOTE | |||
r-release-linux-x86_64 | 0.1.0 | 2.93 | 20.02 | 22.95 | OK | |
r-release-macos-x86_64 | 0.1.0 | NOTE | ||||
r-release-windows-ix86+x86_64 | 0.1.0 | 5.00 | 35.00 | 40.00 | OK | |
r-oldrel-macos-x86_64 | 0.1.0 | NOTE | ||||
r-oldrel-windows-ix86+x86_64 | 0.1.0 | 4.00 | 34.00 | 38.00 | OK |
Version: 0.1.0
Check: dependencies in R code
Result: NOTE
Namespaces in Imports field not imported from:
‘caret’ ‘datasets’ ‘dplyr’ ‘e1071’ ‘rhandsontable’ ‘shiny’
All declared Imports should be used.
Flavors: r-devel-linux-x86_64-fedora-clang, r-devel-linux-x86_64-fedora-gcc, r-patched-solaris-x86, r-release-macos-x86_64, r-oldrel-macos-x86_64