CRAN Package Check Results for Package NADIA

Last updated on 2020-12-04 00:48:28 CET.

Flavor Version Tinstall Tcheck Ttotal Status Flags
r-devel-linux-x86_64-debian-clang 0.4.0 28.29 476.46 504.75 OK
r-devel-linux-x86_64-debian-gcc 0.4.0 24.80 340.64 365.44 OK
r-devel-linux-x86_64-fedora-clang 0.4.0 546.01 NOTE
r-devel-linux-x86_64-fedora-gcc 0.4.0 552.20 NOTE
r-devel-windows-ix86+x86_64 0.4.0 59.00 445.00 504.00 OK
r-patched-linux-x86_64 0.4.0 29.80 395.13 424.93 OK
r-patched-solaris-x86 0.4.0 679.10 ERROR
r-release-linux-x86_64 0.4.0 27.72 396.99 424.71 OK
r-release-macos-x86_64 0.4.0 NOTE
r-release-windows-ix86+x86_64 0.4.0 47.00 317.00 364.00 OK
r-oldrel-macos-x86_64 0.4.0 NOTE
r-oldrel-windows-ix86+x86_64 0.4.0 57.00 420.00 477.00 OK

Check Details

Version: 0.4.0
Check: dependencies in R code
Result: NOTE
    Namespaces in Imports field not imported from:
     ‘glmnet’ ‘mlr3learners’
     All declared Imports should be used.
Flavors: r-devel-linux-x86_64-fedora-clang, r-devel-linux-x86_64-fedora-gcc, r-patched-solaris-x86, r-release-macos-x86_64, r-oldrel-macos-x86_64

Version: 0.4.0
Check: examples
Result: ERROR
    Running examples in ‘NADIA-Ex.R’ failed
    The error most likely occurred in:
    
    > ### Name: PipeOpSample_B
    > ### Title: PipeOpSample_B
    > ### Aliases: PipeOpSample_B
    >
    > ### ** Examples
    >
    > {
    + graph <- PipeOpSample_B$new() %>>% mlr3learners::LearnerClassifGlmnet$new()
    + graph_learner <- GraphLearner$new(graph)
    +
    + # Task with NA
    +
    + resample(tsk("pima"), graph_learner, rsmp("cv", folds = 3))
    + }
    INFO [11:48:21.887] Applying learner 'impute_sample_B.classif.glmnet' on task 'pima' (iter 2/3)
    Error in approx(lambda, seq(lambda), sfrac) :
     need at least two non-NA values to interpolate
    Calls: resample ... resolve.list -> signalConditionsASAP -> signalConditions
    Execution halted
Flavor: r-patched-solaris-x86

Version: 0.4.0
Check: tests
Result: ERROR
     Running ‘testthat.R’ [236s/138s]
    Running the tests in ‘tests/testthat.R’ failed.
    Complete output:
     > library(testthat)
     > library(NADIA)
     Loading required package: mlr3
     Loading required package: mlr3pipelines
     Loading required package: paradox
     >
     > test_check("NADIA")
     [1] "Error in doTryCatch(return(expr), name, parentenv, handler): No values with no missing values\n"
     ── Skip (test_autotune.R:287:3): Optimlaization test ───────────────────────────
     Reason: On CRAN
    
     ── Warning (test_mice_A.R:18:5): Testing mice A methods ────────────────────────
     longer object length is not a multiple of shorter object length
    
     ── Warning (test_mice_A.R:18:5): Testing mice A methods ────────────────────────
     longer object length is not a multiple of shorter object length
    
     ── Warning (test_mice_A.R:18:5): Testing mice A methods ────────────────────────
     longer object length is not a multiple of shorter object length
    
     ── Warning (test_mice_A.R:18:5): Testing mice A methods ────────────────────────
     longer object length is not a multiple of shorter object length
    
     ── Warning (test_mice_A.R:18:5): Testing mice A methods ────────────────────────
     longer object length is not a multiple of shorter object length
    
     ── Warning (test_mice_A.R:18:5): Testing mice A methods ────────────────────────
     longer object length is not a multiple of shorter object length
    
     ── Warning (test_mice_A.R:18:5): Testing mice A methods ────────────────────────
     longer object length is not a multiple of shorter object length
    
     ── Warning (test_mice_A.R:18:5): Testing mice A methods ────────────────────────
     longer object length is not a multiple of shorter object length
    
     ── Warning (test_mice_A.R:18:5): Testing mice A methods ────────────────────────
     longer object length is not a multiple of shorter object length
    
     ── Warning (test_mice_A.R:18:5): Testing mice A methods ────────────────────────
     longer object length is not a multiple of shorter object length
    
     ── Warning (test_mice_A.R:18:5): Testing mice A methods ────────────────────────
     longer object length is not a multiple of shorter object length
    
     ── Warning (test_mice_A.R:18:5): Testing mice A methods ────────────────────────
     longer object length is not a multiple of shorter object length
    
     ── Warning (test_mice_A.R:18:5): Testing mice A methods ────────────────────────
     longer object length is not a multiple of shorter object length
    
     ── Warning (test_mice_A.R:18:5): Testing mice A methods ────────────────────────
     longer object length is not a multiple of shorter object length
    
     ── Warning (test_mice_A.R:18:5): Testing mice A methods ────────────────────────
     longer object length is not a multiple of shorter object length
    
     ── Warning (test_mice_A.R:18:5): Testing mice A methods ────────────────────────
     longer object length is not a multiple of shorter object length
    
     ── Warning (test_mice_A.R:18:5): Testing mice A methods ────────────────────────
     longer object length is not a multiple of shorter object length
    
     ── Warning (test_mice_A.R:18:5): Testing mice A methods ────────────────────────
     longer object length is not a multiple of shorter object length
    
     ── Warning (test_mice_A.R:18:5): Testing mice A methods ────────────────────────
     longer object length is not a multiple of shorter object length
    
     ── Warning (test_mice_A.R:18:5): Testing mice A methods ────────────────────────
     longer object length is not a multiple of shorter object length
    
     ── Warning (test_mice_A.R:18:5): Testing mice A methods ────────────────────────
     longer object length is not a multiple of shorter object length
    
     ── Warning (test_mice_A.R:18:5): Testing mice A methods ────────────────────────
     longer object length is not a multiple of shorter object length
    
     ── Warning (test_mice_A.R:18:5): Testing mice A methods ────────────────────────
     longer object length is not a multiple of shorter object length
    
     ── Warning (test_mice_A.R:18:5): Testing mice A methods ────────────────────────
     longer object length is not a multiple of shorter object length
    
     ── Warning (test_mice_A.R:18:5): Testing mice A methods ────────────────────────
     longer object length is not a multiple of shorter object length
    
     ── Warning (test_mice_A.R:18:5): Testing mice A methods ────────────────────────
     longer object length is not a multiple of shorter object length
    
     ── Warning (test_mice_A.R:18:5): Testing mice A methods ────────────────────────
     longer object length is not a multiple of shorter object length
    
     ── Warning (test_mice_A.R:18:5): Testing mice A methods ────────────────────────
     longer object length is not a multiple of shorter object length
    
     ── Warning (test_mice_A.R:18:5): Testing mice A methods ────────────────────────
     longer object length is not a multiple of shorter object length
    
     ── Warning (test_mice_A.R:18:5): Testing mice A methods ────────────────────────
     longer object length is not a multiple of shorter object length
    
     ── Warning (test_mice_A.R:18:5): Testing mice A methods ────────────────────────
     longer object length is not a multiple of shorter object length
    
     ── Warning (test_mice_A.R:18:5): Testing mice A methods ────────────────────────
     longer object length is not a multiple of shorter object length
    
     ── Warning (test_mice_A.R:18:5): Testing mice A methods ────────────────────────
     longer object length is not a multiple of shorter object length
    
     ── Warning (test_mice_A.R:18:5): Testing mice A methods ────────────────────────
     longer object length is not a multiple of shorter object length
    
     ── Warning (test_mice_A.R:18:5): Testing mice A methods ────────────────────────
     longer object length is not a multiple of shorter object length
    
     ── Warning (test_mice_A.R:18:5): Testing mice A methods ────────────────────────
     longer object length is not a multiple of shorter object length
    
     ── Warning (test_mice_A.R:18:5): Testing mice A methods ────────────────────────
     longer object length is not a multiple of shorter object length
    
     ── Warning (test_mice_A.R:18:5): Testing mice A methods ────────────────────────
     longer object length is not a multiple of shorter object length
    
     ── Warning (test_mice_A.R:18:5): Testing mice A methods ────────────────────────
     longer object length is not a multiple of shorter object length
    
     ── Warning (test_mice_A.R:18:5): Testing mice A methods ────────────────────────
     longer object length is not a multiple of shorter object length
    
     ── Warning (test_mice_A.R:18:5): Testing mice A methods ────────────────────────
     longer object length is not a multiple of shorter object length
    
     ── Warning (test_mice_A.R:18:5): Testing mice A methods ────────────────────────
     longer object length is not a multiple of shorter object length
    
     ── Warning (test_mice_A.R:18:5): Testing mice A methods ────────────────────────
     longer object length is not a multiple of shorter object length
    
     ── Warning (test_mice_A.R:18:5): Testing mice A methods ────────────────────────
     longer object length is not a multiple of shorter object length
    
     ── Warning (test_mice_A.R:18:5): Testing mice A methods ────────────────────────
     longer object length is not a multiple of shorter object length
    
     ── Warning (test_mice_A.R:18:5): Testing mice A methods ────────────────────────
     longer object length is not a multiple of shorter object length
    
     ── Warning (test_mice_A.R:18:5): Testing mice A methods ────────────────────────
     longer object length is not a multiple of shorter object length
    
     ── Warning (test_mice_A.R:18:5): Testing mice A methods ────────────────────────
     longer object length is not a multiple of shorter object length
    
     ── Warning (test_mice_A.R:18:5): Testing mice A methods ────────────────────────
     longer object length is not a multiple of shorter object length
    
     ── Warning (test_mice_A.R:18:5): Testing mice A methods ────────────────────────
     longer object length is not a multiple of shorter object length
    
     ── Warning (test_mice_A.R:23:3): Testing mice A methods ────────────────────────
     longer object length is not a multiple of shorter object length
    
     ── Warning (test_mice_A.R:23:3): Testing mice A methods ────────────────────────
     longer object length is not a multiple of shorter object length
    
     ── Warning (test_mice_A.R:23:3): Testing mice A methods ────────────────────────
     longer object length is not a multiple of shorter object length
    
     ── Warning (test_mice_A.R:23:3): Testing mice A methods ────────────────────────
     longer object length is not a multiple of shorter object length
    
     ── Warning (test_mice_A.R:23:3): Testing mice A methods ────────────────────────
     longer object length is not a multiple of shorter object length
    
     ── Warning (test_mice_A.R:23:3): Testing mice A methods ────────────────────────
     longer object length is not a multiple of shorter object length
    
     ── Warning (test_mice_A.R:23:3): Testing mice A methods ────────────────────────
     longer object length is not a multiple of shorter object length
    
     ── Warning (test_mice_A.R:23:3): Testing mice A methods ────────────────────────
     longer object length is not a multiple of shorter object length
    
     ── Warning (test_mice_A.R:23:3): Testing mice A methods ────────────────────────
     longer object length is not a multiple of shorter object length
    
     ── Warning (test_mice_A.R:23:3): Testing mice A methods ────────────────────────
     longer object length is not a multiple of shorter object length
    
     ── Warning (test_mice_A.R:23:3): Testing mice A methods ────────────────────────
     longer object length is not a multiple of shorter object length
    
     ── Warning (test_mice_A.R:23:3): Testing mice A methods ────────────────────────
     longer object length is not a multiple of shorter object length
    
     ── Warning (test_mice_A.R:23:3): Testing mice A methods ────────────────────────
     longer object length is not a multiple of shorter object length
    
     ── Warning (test_mice_A.R:23:3): Testing mice A methods ────────────────────────
     longer object length is not a multiple of shorter object length
    
     ── Warning (test_mice_A.R:23:3): Testing mice A methods ────────────────────────
     longer object length is not a multiple of shorter object length
    
     ── Warning (test_mice_A.R:23:3): Testing mice A methods ────────────────────────
     longer object length is not a multiple of shorter object length
    
     ── Warning (test_mice_A.R:23:3): Testing mice A methods ────────────────────────
     longer object length is not a multiple of shorter object length
    
     ── Warning (test_mice_A.R:23:3): Testing mice A methods ────────────────────────
     longer object length is not a multiple of shorter object length
    
     ── Warning (test_mice_A.R:23:3): Testing mice A methods ────────────────────────
     longer object length is not a multiple of shorter object length
    
     ── Warning (test_mice_A.R:23:3): Testing mice A methods ────────────────────────
     longer object length is not a multiple of shorter object length
    
     ── Warning (test_mice_A.R:23:3): Testing mice A methods ────────────────────────
     longer object length is not a multiple of shorter object length
    
     ── Warning (test_mice_A.R:23:3): Testing mice A methods ────────────────────────
     longer object length is not a multiple of shorter object length
    
     ── Warning (test_mice_A.R:23:3): Testing mice A methods ────────────────────────
     longer object length is not a multiple of shorter object length
    
     ── Warning (test_mice_A.R:23:3): Testing mice A methods ────────────────────────
     longer object length is not a multiple of shorter object length
    
     ── Warning (test_mice_A.R:23:3): Testing mice A methods ────────────────────────
     longer object length is not a multiple of shorter object length
    
     ── Warning (test_mice_A.R:23:3): Testing mice A methods ────────────────────────
     longer object length is not a multiple of shorter object length
    
     ── Warning (test_mice_A.R:23:3): Testing mice A methods ────────────────────────
     longer object length is not a multiple of shorter object length
    
     ── Warning (test_mice_A.R:23:3): Testing mice A methods ────────────────────────
     longer object length is not a multiple of shorter object length
    
     ── Warning (test_mice_A.R:23:3): Testing mice A methods ────────────────────────
     longer object length is not a multiple of shorter object length
    
     ── Warning (test_mice_A.R:23:3): Testing mice A methods ────────────────────────
     longer object length is not a multiple of shorter object length
    
     ── Warning (test_mice_A.R:23:3): Testing mice A methods ────────────────────────
     longer object length is not a multiple of shorter object length
    
     ── Warning (test_mice_A.R:23:3): Testing mice A methods ────────────────────────
     longer object length is not a multiple of shorter object length
    
     ── Warning (test_mice_A.R:23:3): Testing mice A methods ────────────────────────
     longer object length is not a multiple of shorter object length
    
     ── Warning (test_mice_A.R:23:3): Testing mice A methods ────────────────────────
     longer object length is not a multiple of shorter object length
    
     ── Warning (test_mice_A.R:23:3): Testing mice A methods ────────────────────────
     longer object length is not a multiple of shorter object length
    
     ── Warning (test_mice_A.R:23:3): Testing mice A methods ────────────────────────
     longer object length is not a multiple of shorter object length
    
     ── Warning (test_mice_A.R:23:3): Testing mice A methods ────────────────────────
     longer object length is not a multiple of shorter object length
    
     ── Warning (test_mice_A.R:23:3): Testing mice A methods ────────────────────────
     longer object length is not a multiple of shorter object length
    
     ── Warning (test_mice_A.R:23:3): Testing mice A methods ────────────────────────
     longer object length is not a multiple of shorter object length
    
     ── Warning (test_mice_A.R:23:3): Testing mice A methods ────────────────────────
     longer object length is not a multiple of shorter object length
    
     ── Warning (test_mice_A.R:23:3): Testing mice A methods ────────────────────────
     longer object length is not a multiple of shorter object length
    
     ── Warning (test_mice_A.R:23:3): Testing mice A methods ────────────────────────
     longer object length is not a multiple of shorter object length
    
     ── Warning (test_mice_A.R:23:3): Testing mice A methods ────────────────────────
     longer object length is not a multiple of shorter object length
    
     ── Warning (test_mice_A.R:23:3): Testing mice A methods ────────────────────────
     longer object length is not a multiple of shorter object length
    
     ── Warning (test_mice_A.R:23:3): Testing mice A methods ────────────────────────
     longer object length is not a multiple of shorter object length
    
     ── Warning (test_mice_A.R:23:3): Testing mice A methods ────────────────────────
     longer object length is not a multiple of shorter object length
    
     ── Warning (test_mice_A.R:23:3): Testing mice A methods ────────────────────────
     longer object length is not a multiple of shorter object length
    
     ── Warning (test_mice_A.R:23:3): Testing mice A methods ────────────────────────
     longer object length is not a multiple of shorter object length
    
     ── Warning (test_mice_A.R:23:3): Testing mice A methods ────────────────────────
     longer object length is not a multiple of shorter object length
    
     ── Warning (test_mice_A.R:23:3): Testing mice A methods ────────────────────────
     longer object length is not a multiple of shorter object length
    
     ── Warning (test_mice_A.R:27:3): Testing mice A methods ────────────────────────
     longer object length is not a multiple of shorter object length
    
     ── Warning (test_mice_A.R:27:3): Testing mice A methods ────────────────────────
     longer object length is not a multiple of shorter object length
    
     ── Warning (test_mice_A.R:27:3): Testing mice A methods ────────────────────────
     longer object length is not a multiple of shorter object length
    
     ── Warning (test_mice_A.R:27:3): Testing mice A methods ────────────────────────
     longer object length is not a multiple of shorter object length
    
     ── Warning (test_mice_A.R:27:3): Testing mice A methods ────────────────────────
     longer object length is not a multiple of shorter object length
    
     ── Warning (test_mice_A.R:27:3): Testing mice A methods ────────────────────────
     longer object length is not a multiple of shorter object length
    
     ── Warning (test_mice_A.R:27:3): Testing mice A methods ────────────────────────
     longer object length is not a multiple of shorter object length
    
     ── Warning (test_mice_A.R:27:3): Testing mice A methods ────────────────────────
     longer object length is not a multiple of shorter object length
    
     ── Warning (test_mice_A.R:27:3): Testing mice A methods ────────────────────────
     longer object length is not a multiple of shorter object length
    
     ── Warning (test_mice_A.R:27:3): Testing mice A methods ────────────────────────
     longer object length is not a multiple of shorter object length
    
     ── Warning (test_mice_A.R:27:3): Testing mice A methods ────────────────────────
     longer object length is not a multiple of shorter object length
    
     ── Warning (test_mice_A.R:27:3): Testing mice A methods ────────────────────────
     longer object length is not a multiple of shorter object length
    
     ── Warning (test_mice_A.R:27:3): Testing mice A methods ────────────────────────
     longer object length is not a multiple of shorter object length
    
     ── Warning (test_mice_A.R:27:3): Testing mice A methods ────────────────────────
     longer object length is not a multiple of shorter object length
    
     ── Warning (test_mice_A.R:27:3): Testing mice A methods ────────────────────────
     longer object length is not a multiple of shorter object length
    
     ── Warning (test_mice_A.R:27:3): Testing mice A methods ────────────────────────
     longer object length is not a multiple of shorter object length
    
     ── Warning (test_mice_A.R:27:3): Testing mice A methods ────────────────────────
     longer object length is not a multiple of shorter object length
    
     ── Warning (test_mice_A.R:27:3): Testing mice A methods ────────────────────────
     longer object length is not a multiple of shorter object length
    
     ── Warning (test_mice_A.R:27:3): Testing mice A methods ────────────────────────
     longer object length is not a multiple of shorter object length
    
     ── Warning (test_mice_A.R:27:3): Testing mice A methods ────────────────────────
     longer object length is not a multiple of shorter object length
    
     ── Warning (test_mice_A.R:27:3): Testing mice A methods ────────────────────────
     longer object length is not a multiple of shorter object length
    
     ── Warning (test_mice_A.R:27:3): Testing mice A methods ────────────────────────
     longer object length is not a multiple of shorter object length
    
     ── Warning (test_mice_A.R:27:3): Testing mice A methods ────────────────────────
     longer object length is not a multiple of shorter object length
    
     ── Warning (test_mice_A.R:27:3): Testing mice A methods ────────────────────────
     longer object length is not a multiple of shorter object length
    
     ── Warning (test_mice_A.R:27:3): Testing mice A methods ────────────────────────
     longer object length is not a multiple of shorter object length
    
     ── Warning (test_mice_A.R:27:3): Testing mice A methods ────────────────────────
     longer object length is not a multiple of shorter object length
    
     ── Warning (test_mice_A.R:27:3): Testing mice A methods ────────────────────────
     longer object length is not a multiple of shorter object length
    
     ── Warning (test_mice_A.R:27:3): Testing mice A methods ────────────────────────
     longer object length is not a multiple of shorter object length
    
     ── Warning (test_mice_A.R:27:3): Testing mice A methods ────────────────────────
     longer object length is not a multiple of shorter object length
    
     ── Warning (test_mice_A.R:27:3): Testing mice A methods ────────────────────────
     longer object length is not a multiple of shorter object length
    
     ── Warning (test_mice_A.R:27:3): Testing mice A methods ────────────────────────
     longer object length is not a multiple of shorter object length
    
     ── Warning (test_mice_A.R:27:3): Testing mice A methods ────────────────────────
     longer object length is not a multiple of shorter object length
    
     ── Warning (test_mice_A.R:27:3): Testing mice A methods ────────────────────────
     longer object length is not a multiple of shorter object length
    
     ── Warning (test_mice_A.R:27:3): Testing mice A methods ────────────────────────
     longer object length is not a multiple of shorter object length
    
     ── Warning (test_mice_A.R:27:3): Testing mice A methods ────────────────────────
     longer object length is not a multiple of shorter object length
    
     ── Warning (test_mice_A.R:27:3): Testing mice A methods ────────────────────────
     longer object length is not a multiple of shorter object length
    
     ── Warning (test_mice_A.R:27:3): Testing mice A methods ────────────────────────
     longer object length is not a multiple of shorter object length
    
     ── Warning (test_mice_A.R:27:3): Testing mice A methods ────────────────────────
     longer object length is not a multiple of shorter object length
    
     ── Warning (test_mice_A.R:27:3): Testing mice A methods ────────────────────────
     longer object length is not a multiple of shorter object length
    
     ── Warning (test_mice_A.R:27:3): Testing mice A methods ────────────────────────
     longer object length is not a multiple of shorter object length
    
     ── Warning (test_mice_A.R:27:3): Testing mice A methods ────────────────────────
     longer object length is not a multiple of shorter object length
    
     ── Warning (test_mice_A.R:27:3): Testing mice A methods ────────────────────────
     longer object length is not a multiple of shorter object length
    
     ── Warning (test_mice_A.R:27:3): Testing mice A methods ────────────────────────
     longer object length is not a multiple of shorter object length
    
     ── Warning (test_mice_A.R:27:3): Testing mice A methods ────────────────────────
     longer object length is not a multiple of shorter object length
    
     ── Warning (test_mice_A.R:27:3): Testing mice A methods ────────────────────────
     longer object length is not a multiple of shorter object length
    
     ── Warning (test_mice_A.R:27:3): Testing mice A methods ────────────────────────
     longer object length is not a multiple of shorter object length
    
     ── Warning (test_mice_A.R:27:3): Testing mice A methods ────────────────────────
     longer object length is not a multiple of shorter object length
    
     ── Warning (test_mice_A.R:27:3): Testing mice A methods ────────────────────────
     longer object length is not a multiple of shorter object length
    
     ── Warning (test_mice_A.R:27:3): Testing mice A methods ────────────────────────
     longer object length is not a multiple of shorter object length
    
     ── Warning (test_mice_A.R:27:3): Testing mice A methods ────────────────────────
     longer object length is not a multiple of shorter object length
    
     Package rpart needed. Install from CRAN? (Yes/no/cancel)
     trying URL 'https://cloud.r-project.org/src/contrib/rpart_4.1-15.tar.gz'
     Content type 'application/x-gzip' length 639286 bytes (624 KB)
     ==================================================
     downloaded 624 KB
    
     * installing *source* package ‘rpart’ ...
     ** package ‘rpart’ successfully unpacked and MD5 sums checked
     ** using staged installation
     ** libs
     /home/ripley/developerstudio12.6/bin/cc -xc99 -I"/home/ripley/R/cc/include" -DNDEBUG -I/usr/local/include -KPIC -O -xlibmieee -xlibmil -xtarget=native -xcache=generic -nofstore -c anova.c -o anova.o
     /home/ripley/developerstudio12.6/bin/cc -xc99 -I"/home/ripley/R/cc/include" -DNDEBUG -I/usr/local/include -KPIC -O -xlibmieee -xlibmil -xtarget=native -xcache=generic -nofstore -c anovapred.c -o anovapred.o
     /home/ripley/developerstudio12.6/bin/cc -xc99 -I"/home/ripley/R/cc/include" -DNDEBUG -I/usr/local/include -KPIC -O -xlibmieee -xlibmil -xtarget=native -xcache=generic -nofstore -c branch.c -o branch.o
     /home/ripley/developerstudio12.6/bin/cc -xc99 -I"/home/ripley/R/cc/include" -DNDEBUG -I/usr/local/include -KPIC -O -xlibmieee -xlibmil -xtarget=native -xcache=generic -nofstore -c bsplit.c -o bsplit.o
     /home/ripley/developerstudio12.6/bin/cc -xc99 -I"/home/ripley/R/cc/include" -DNDEBUG -I/usr/local/include -KPIC -O -xlibmieee -xlibmil -xtarget=native -xcache=generic -nofstore -c choose_surg.c -o choose_surg.o
     /home/ripley/developerstudio12.6/bin/cc -xc99 -I"/home/ripley/R/cc/include" -DNDEBUG -I/usr/local/include -KPIC -O -xlibmieee -xlibmil -xtarget=native -xcache=generic -nofstore -c fix_cp.c -o fix_cp.o
     /home/ripley/developerstudio12.6/bin/cc -xc99 -I"/home/ripley/R/cc/include" -DNDEBUG -I/usr/local/include -KPIC -O -xlibmieee -xlibmil -xtarget=native -xcache=generic -nofstore -c free_tree.c -o free_tree.o
     /home/ripley/developerstudio12.6/bin/cc -xc99 -I"/home/ripley/R/cc/include" -DNDEBUG -I/usr/local/include -KPIC -O -xlibmieee -xlibmil -xtarget=native -xcache=generic -nofstore -c gini.c -o gini.o
     /home/ripley/developerstudio12.6/bin/cc -xc99 -I"/home/ripley/R/cc/include" -DNDEBUG -I/usr/local/include -KPIC -O -xlibmieee -xlibmil -xtarget=native -xcache=generic -nofstore -c graycode.c -o graycode.o
     /home/ripley/developerstudio12.6/bin/cc -xc99 -I"/home/ripley/R/cc/include" -DNDEBUG -I/usr/local/include -KPIC -O -xlibmieee -xlibmil -xtarget=native -xcache=generic -nofstore -c init.c -o init.o
     /home/ripley/developerstudio12.6/bin/cc -xc99 -I"/home/ripley/R/cc/include" -DNDEBUG -I/usr/local/include -KPIC -O -xlibmieee -xlibmil -xtarget=native -xcache=generic -nofstore -c insert_split.c -o insert_split.o
     /home/ripley/developerstudio12.6/bin/cc -xc99 -I"/home/ripley/R/cc/include" -DNDEBUG -I/usr/local/include -KPIC -O -xlibmieee -xlibmil -xtarget=native -xcache=generic -nofstore -c make_cp_list.c -o make_cp_list.o
     /home/ripley/developerstudio12.6/bin/cc -xc99 -I"/home/ripley/R/cc/include" -DNDEBUG -I/usr/local/include -KPIC -O -xlibmieee -xlibmil -xtarget=native -xcache=generic -nofstore -c make_cp_table.c -o make_cp_table.o
     /home/ripley/developerstudio12.6/bin/cc -xc99 -I"/home/ripley/R/cc/include" -DNDEBUG -I/usr/local/include -KPIC -O -xlibmieee -xlibmil -xtarget=native -xcache=generic -nofstore -c mysort.c -o mysort.o
     /home/ripley/developerstudio12.6/bin/cc -xc99 -I"/home/ripley/R/cc/include" -DNDEBUG -I/usr/local/include -KPIC -O -xlibmieee -xlibmil -xtarget=native -xcache=generic -nofstore -c nodesplit.c -o nodesplit.o
     /home/ripley/developerstudio12.6/bin/cc -xc99 -I"/home/ripley/R/cc/include" -DNDEBUG -I/usr/local/include -KPIC -O -xlibmieee -xlibmil -xtarget=native -xcache=generic -nofstore -c partition.c -o partition.o
     /home/ripley/developerstudio12.6/bin/cc -xc99 -I"/home/ripley/R/cc/include" -DNDEBUG -I/usr/local/include -KPIC -O -xlibmieee -xlibmil -xtarget=native -xcache=generic -nofstore -c poisson.c -o poisson.o
     /home/ripley/developerstudio12.6/bin/cc -xc99 -I"/home/ripley/R/cc/include" -DNDEBUG -I/usr/local/include -KPIC -O -xlibmieee -xlibmil -xtarget=native -xcache=generic -nofstore -c pred_rpart.c -o pred_rpart.o
     /home/ripley/developerstudio12.6/bin/cc -xc99 -I"/home/ripley/R/cc/include" -DNDEBUG -I/usr/local/include -KPIC -O -xlibmieee -xlibmil -xtarget=native -xcache=generic -nofstore -c print_tree.c -o print_tree.o
     /home/ripley/developerstudio12.6/bin/cc -xc99 -I"/home/ripley/R/cc/include" -DNDEBUG -I/usr/local/include -KPIC -O -xlibmieee -xlibmil -xtarget=native -xcache=generic -nofstore -c rpart.c -o rpart.o
     /home/ripley/developerstudio12.6/bin/cc -xc99 -I"/home/ripley/R/cc/include" -DNDEBUG -I/usr/local/include -KPIC -O -xlibmieee -xlibmil -xtarget=native -xcache=generic -nofstore -c rpart_callback.c -o rpart_callback.o
     /home/ripley/developerstudio12.6/bin/cc -xc99 -I"/home/ripley/R/cc/include" -DNDEBUG -I/usr/local/include -KPIC -O -xlibmieee -xlibmil -xtarget=native -xcache=generic -nofstore -c rpartexp.c -o rpartexp.o
     /home/ripley/developerstudio12.6/bin/cc -xc99 -I"/home/ripley/R/cc/include" -DNDEBUG -I/usr/local/include -KPIC -O -xlibmieee -xlibmil -xtarget=native -xcache=generic -nofstore -c rpartexp2.c -o rpartexp2.o
     /home/ripley/developerstudio12.6/bin/cc -xc99 -I"/home/ripley/R/cc/include" -DNDEBUG -I/usr/local/include -KPIC -O -xlibmieee -xlibmil -xtarget=native -xcache=generic -nofstore -c rpcountup.c -o rpcountup.o
     /home/ripley/developerstudio12.6/bin/cc -xc99 -I"/home/ripley/R/cc/include" -DNDEBUG -I/usr/local/include -KPIC -O -xlibmieee -xlibmil -xtarget=native -xcache=generic -nofstore -c rpmatrix.c -o rpmatrix.o
     /home/ripley/developerstudio12.6/bin/cc -xc99 -I"/home/ripley/R/cc/include" -DNDEBUG -I/usr/local/include -KPIC -O -xlibmieee -xlibmil -xtarget=native -xcache=generic -nofstore -c rundown.c -o rundown.o
     /home/ripley/developerstudio12.6/bin/cc -xc99 -I"/home/ripley/R/cc/include" -DNDEBUG -I/usr/local/include -KPIC -O -xlibmieee -xlibmil -xtarget=native -xcache=generic -nofstore -c rundown2.c -o rundown2.o
     /home/ripley/developerstudio12.6/bin/cc -xc99 -I"/home/ripley/R/cc/include" -DNDEBUG -I/usr/local/include -KPIC -O -xlibmieee -xlibmil -xtarget=native -xcache=generic -nofstore -c surrogate.c -o surrogate.o
     /home/ripley/developerstudio12.6/bin/cc -xc99 -I"/home/ripley/R/cc/include" -DNDEBUG -I/usr/local/include -KPIC -O -xlibmieee -xlibmil -xtarget=native -xcache=generic -nofstore -c usersplit.c -o usersplit.o
     /home/ripley/developerstudio12.6/bin/cc -xc99 -I"/home/ripley/R/cc/include" -DNDEBUG -I/usr/local/include -KPIC -O -xlibmieee -xlibmil -xtarget=native -xcache=generic -nofstore -c xpred.c -o xpred.o
     /home/ripley/developerstudio12.6/bin/cc -xc99 -I"/home/ripley/R/cc/include" -DNDEBUG -I/usr/local/include -KPIC -O -xlibmieee -xlibmil -xtarget=native -xcache=generic -nofstore -c xval.c -o xval.o
     /home/ripley/developerstudio12.6/bin/cc -xc99 -G -L/usr/local/lib -o rpart.so anova.o anovapred.o branch.o bsplit.o choose_surg.o fix_cp.o free_tree.o gini.o graycode.o init.o insert_split.o make_cp_list.o make_cp_table.o mysort.o nodesplit.o partition.o poisson.o pred_rpart.o print_tree.o rpart.o rpart_callback.o rpartexp.o rpartexp2.o rpcountup.o rpmatrix.o rundown.o rundown2.o surrogate.o usersplit.o xpred.o xval.o
     installing to /tmp/RtmpXHaaPm/RLIBS_19487fc4466e/00LOCK-rpart/00new/rpart/libs
     ** R
     ** data
     *** moving datasets to lazyload DB
     ** inst
     ** byte-compile and prepare package for lazy loading
     ** help
     *** installing help indices
     *** copying figures
     ** building package indices
     ** installing vignettes
     ** testing if installed package can be loaded from temporary location
     ** checking absolute paths in shared objects and dynamic libraries
     ** testing if installed package can be loaded from final location
     ** testing if installed package keeps a record of temporary installation path
     * DONE (rpart)
    
     The downloaded source packages are in
     '/tmp/RtmpXHaaPm/working_dir/RtmpM3aO0G/downloaded_packages'
     ── Warning (test_mice_A.R:31:3): Testing mice A methods ────────────────────────
     longer object length is not a multiple of shorter object length
    
     ── Warning (test_mice_A.R:31:3): Testing mice A methods ────────────────────────
     longer object length is not a multiple of shorter object length
    
     ── Warning (test_mice_A.R:31:3): Testing mice A methods ────────────────────────
     longer object length is not a multiple of shorter object length
    
     ── Warning (test_mice_A.R:31:3): Testing mice A methods ────────────────────────
     longer object length is not a multiple of shorter object length
    
     ── Warning (test_mice_A.R:31:3): Testing mice A methods ────────────────────────
     longer object length is not a multiple of shorter object length
    
     ── Warning (test_mice_A.R:31:3): Testing mice A methods ────────────────────────
     longer object length is not a multiple of shorter object length
    
     ── Warning (test_mice_A.R:31:3): Testing mice A methods ────────────────────────
     longer object length is not a multiple of shorter object length
    
     ── Warning (test_mice_A.R:31:3): Testing mice A methods ────────────────────────
     longer object length is not a multiple of shorter object length
    
     ── Warning (test_mice_A.R:31:3): Testing mice A methods ────────────────────────
     longer object length is not a multiple of shorter object length
    
     ── Warning (test_mice_A.R:31:3): Testing mice A methods ────────────────────────
     longer object length is not a multiple of shorter object length
    
     ── Warning (test_mice_A.R:31:3): Testing mice A methods ────────────────────────
     longer object length is not a multiple of shorter object length
    
     ── Warning (test_mice_A.R:31:3): Testing mice A methods ────────────────────────
     longer object length is not a multiple of shorter object length
    
     ── Warning (test_mice_A.R:31:3): Testing mice A methods ────────────────────────
     longer object length is not a multiple of shorter object length
    
     ── Warning (test_mice_A.R:31:3): Testing mice A methods ────────────────────────
     longer object length is not a multiple of shorter object length
    
     ── Warning (test_mice_A.R:31:3): Testing mice A methods ────────────────────────
     longer object length is not a multiple of shorter object length
    
     ── Warning (test_mice_A.R:31:3): Testing mice A methods ────────────────────────
     longer object length is not a multiple of shorter object length
    
     ── Warning (test_mice_A.R:31:3): Testing mice A methods ────────────────────────
     longer object length is not a multiple of shorter object length
    
     ── Warning (test_mice_A.R:31:3): Testing mice A methods ────────────────────────
     longer object length is not a multiple of shorter object length
    
     ── Warning (test_mice_A.R:31:3): Testing mice A methods ────────────────────────
     longer object length is not a multiple of shorter object length
    
     ── Warning (test_mice_A.R:31:3): Testing mice A methods ────────────────────────
     longer object length is not a multiple of shorter object length
    
     ── Warning (test_mice_A.R:31:3): Testing mice A methods ────────────────────────
     longer object length is not a multiple of shorter object length
    
     ── Warning (test_mice_A.R:31:3): Testing mice A methods ────────────────────────
     longer object length is not a multiple of shorter object length
    
     ── Warning (test_mice_A.R:31:3): Testing mice A methods ────────────────────────
     longer object length is not a multiple of shorter object length
    
     ── Warning (test_mice_A.R:31:3): Testing mice A methods ────────────────────────
     longer object length is not a multiple of shorter object length
    
     ── Warning (test_mice_A.R:31:3): Testing mice A methods ────────────────────────
     longer object length is not a multiple of shorter object length
    
     ── Warning (test_mice_A.R:31:3): Testing mice A methods ────────────────────────
     longer object length is not a multiple of shorter object length
    
     ── Warning (test_mice_A.R:31:3): Testing mice A methods ────────────────────────
     longer object length is not a multiple of shorter object length
    
     ── Warning (test_mice_A.R:31:3): Testing mice A methods ────────────────────────
     longer object length is not a multiple of shorter object length
    
     ── Warning (test_mice_A.R:31:3): Testing mice A methods ────────────────────────
     longer object length is not a multiple of shorter object length
    
     ── Warning (test_mice_A.R:31:3): Testing mice A methods ────────────────────────
     longer object length is not a multiple of shorter object length
    
     ── Warning (test_mice_A.R:31:3): Testing mice A methods ────────────────────────
     longer object length is not a multiple of shorter object length
    
     ── Warning (test_mice_A.R:31:3): Testing mice A methods ────────────────────────
     longer object length is not a multiple of shorter object length
    
     ── Warning (test_mice_A.R:31:3): Testing mice A methods ────────────────────────
     longer object length is not a multiple of shorter object length
    
     ── Warning (test_mice_A.R:31:3): Testing mice A methods ────────────────────────
     longer object length is not a multiple of shorter object length
    
     ── Warning (test_mice_A.R:31:3): Testing mice A methods ────────────────────────
     longer object length is not a multiple of shorter object length
    
     ── Warning (test_mice_A.R:31:3): Testing mice A methods ────────────────────────
     longer object length is not a multiple of shorter object length
    
     ── Warning (test_mice_A.R:31:3): Testing mice A methods ────────────────────────
     longer object length is not a multiple of shorter object length
    
     ── Warning (test_mice_A.R:31:3): Testing mice A methods ────────────────────────
     longer object length is not a multiple of shorter object length
    
     ── Warning (test_mice_A.R:31:3): Testing mice A methods ────────────────────────
     longer object length is not a multiple of shorter object length
    
     ── Warning (test_mice_A.R:31:3): Testing mice A methods ────────────────────────
     longer object length is not a multiple of shorter object length
    
     ── Warning (test_mice_A.R:31:3): Testing mice A methods ────────────────────────
     longer object length is not a multiple of shorter object length
    
     ── Warning (test_mice_A.R:31:3): Testing mice A methods ────────────────────────
     longer object length is not a multiple of shorter object length
    
     ── Warning (test_mice_A.R:31:3): Testing mice A methods ────────────────────────
     longer object length is not a multiple of shorter object length
    
     ── Warning (test_mice_A.R:31:3): Testing mice A methods ────────────────────────
     longer object length is not a multiple of shorter object length
    
     ── Warning (test_mice_A.R:31:3): Testing mice A methods ────────────────────────
     longer object length is not a multiple of shorter object length
    
     ── Warning (test_mice_A.R:31:3): Testing mice A methods ────────────────────────
     longer object length is not a multiple of shorter object length
    
     ── Warning (test_mice_A.R:31:3): Testing mice A methods ────────────────────────
     longer object length is not a multiple of shorter object length
    
     ── Warning (test_mice_A.R:31:3): Testing mice A methods ────────────────────────
     longer object length is not a multiple of shorter object length
    
     ── Warning (test_mice_A.R:31:3): Testing mice A methods ────────────────────────
     longer object length is not a multiple of shorter object length
    
     ── Warning (test_mice_A.R:31:3): Testing mice A methods ────────────────────────
     longer object length is not a multiple of shorter object length
    
     ── Warning (test_mice_A.R:35:3): Testing mice A methods ────────────────────────
     longer object length is not a multiple of shorter object length
    
     ── Warning (test_mice_A.R:35:3): Testing mice A methods ────────────────────────
     longer object length is not a multiple of shorter object length
    
     ── Warning (test_mice_A.R:35:3): Testing mice A methods ────────────────────────
     longer object length is not a multiple of shorter object length
    
     ── Warning (test_mice_A.R:35:3): Testing mice A methods ────────────────────────
     longer object length is not a multiple of shorter object length
    
     ── Warning (test_mice_A.R:35:3): Testing mice A methods ────────────────────────
     longer object length is not a multiple of shorter object length
    
     ── Warning (test_mice_A.R:35:3): Testing mice A methods ────────────────────────
     longer object length is not a multiple of shorter object length
    
     ── Warning (test_mice_A.R:35:3): Testing mice A methods ────────────────────────
     longer object length is not a multiple of shorter object length
    
     ── Warning (test_mice_A.R:35:3): Testing mice A methods ────────────────────────
     longer object length is not a multiple of shorter object length
    
     ── Warning (test_mice_A.R:35:3): Testing mice A methods ────────────────────────
     longer object length is not a multiple of shorter object length
    
     ── Warning (test_mice_A.R:35:3): Testing mice A methods ────────────────────────
     longer object length is not a multiple of shorter object length
    
     ── Warning (test_mice_A.R:35:3): Testing mice A methods ────────────────────────
     longer object length is not a multiple of shorter object length
    
     ── Warning (test_mice_A.R:35:3): Testing mice A methods ────────────────────────
     longer object length is not a multiple of shorter object length
    
     ── Warning (test_mice_A.R:35:3): Testing mice A methods ────────────────────────
     longer object length is not a multiple of shorter object length
    
     ── Warning (test_mice_A.R:35:3): Testing mice A methods ────────────────────────
     longer object length is not a multiple of shorter object length
    
     ── Warning (test_mice_A.R:35:3): Testing mice A methods ────────────────────────
     longer object length is not a multiple of shorter object length
    
     ── Warning (test_mice_A.R:35:3): Testing mice A methods ────────────────────────
     longer object length is not a multiple of shorter object length
    
     ── Warning (test_mice_A.R:35:3): Testing mice A methods ────────────────────────
     longer object length is not a multiple of shorter object length
    
     ── Warning (test_mice_A.R:35:3): Testing mice A methods ────────────────────────
     longer object length is not a multiple of shorter object length
    
     ── Warning (test_mice_A.R:35:3): Testing mice A methods ────────────────────────
     longer object length is not a multiple of shorter object length
    
     ── Warning (test_mice_A.R:35:3): Testing mice A methods ────────────────────────
     longer object length is not a multiple of shorter object length
    
     ── Warning (test_mice_A.R:35:3): Testing mice A methods ────────────────────────
     longer object length is not a multiple of shorter object length
    
     ── Warning (test_mice_A.R:35:3): Testing mice A methods ────────────────────────
     longer object length is not a multiple of shorter object length
    
     ── Warning (test_mice_A.R:35:3): Testing mice A methods ────────────────────────
     longer object length is not a multiple of shorter object length
    
     ── Warning (test_mice_A.R:35:3): Testing mice A methods ────────────────────────
     longer object length is not a multiple of shorter object length
    
     ── Warning (test_mice_A.R:35:3): Testing mice A methods ────────────────────────
     longer object length is not a multiple of shorter object length
    
     ── Warning (test_mice_A.R:35:3): Testing mice A methods ────────────────────────
     longer object length is not a multiple of shorter object length
    
     ── Warning (test_mice_A.R:35:3): Testing mice A methods ────────────────────────
     longer object length is not a multiple of shorter object length
    
     ── Warning (test_mice_A.R:35:3): Testing mice A methods ────────────────────────
     longer object length is not a multiple of shorter object length
    
     ── Warning (test_mice_A.R:35:3): Testing mice A methods ────────────────────────
     longer object length is not a multiple of shorter object length
    
     ── Warning (test_mice_A.R:35:3): Testing mice A methods ────────────────────────
     longer object length is not a multiple of shorter object length
    
     ── Warning (test_mice_A.R:35:3): Testing mice A methods ────────────────────────
     longer object length is not a multiple of shorter object length
    
     ── Warning (test_mice_A.R:35:3): Testing mice A methods ────────────────────────
     longer object length is not a multiple of shorter object length
    
     ── Warning (test_mice_A.R:35:3): Testing mice A methods ────────────────────────
     longer object length is not a multiple of shorter object length
    
     ── Warning (test_mice_A.R:35:3): Testing mice A methods ────────────────────────
     longer object length is not a multiple of shorter object length
    
     ── Warning (test_mice_A.R:35:3): Testing mice A methods ────────────────────────
     longer object length is not a multiple of shorter object length
    
     ── Warning (test_mice_A.R:35:3): Testing mice A methods ────────────────────────
     longer object length is not a multiple of shorter object length
    
     ── Warning (test_mice_A.R:35:3): Testing mice A methods ────────────────────────
     longer object length is not a multiple of shorter object length
    
     ── Warning (test_mice_A.R:35:3): Testing mice A methods ────────────────────────
     longer object length is not a multiple of shorter object length
    
     ── Warning (test_mice_A.R:35:3): Testing mice A methods ────────────────────────
     longer object length is not a multiple of shorter object length
    
     ── Warning (test_mice_A.R:35:3): Testing mice A methods ────────────────────────
     longer object length is not a multiple of shorter object length
    
     ── Warning (test_mice_A.R:35:3): Testing mice A methods ────────────────────────
     longer object length is not a multiple of shorter object length
    
     ── Warning (test_mice_A.R:35:3): Testing mice A methods ────────────────────────
     longer object length is not a multiple of shorter object length
    
     ── Warning (test_mice_A.R:35:3): Testing mice A methods ────────────────────────
     longer object length is not a multiple of shorter object length
    
     ── Warning (test_mice_A.R:35:3): Testing mice A methods ────────────────────────
     longer object length is not a multiple of shorter object length
    
     ── Warning (test_mice_A.R:35:3): Testing mice A methods ────────────────────────
     longer object length is not a multiple of shorter object length
    
     ── Warning (test_mice_A.R:35:3): Testing mice A methods ────────────────────────
     longer object length is not a multiple of shorter object length
    
     ── Warning (test_mice_A.R:35:3): Testing mice A methods ────────────────────────
     longer object length is not a multiple of shorter object length
    
     ── Warning (test_mice_A.R:35:3): Testing mice A methods ────────────────────────
     longer object length is not a multiple of shorter object length
    
     ── Warning (test_mice_A.R:35:3): Testing mice A methods ────────────────────────
     longer object length is not a multiple of shorter object length
    
     ── Warning (test_mice_A.R:35:3): Testing mice A methods ────────────────────────
     longer object length is not a multiple of shorter object length
    
     ── Skip (test_mlworkflow.R:31:5): Testing imputation with learner impute_Amelia_
     Reason: On CRAN
    
     ── Skip (test_mlworkflow.R:31:5): Testing imputation with learner impute_missFor
     Reason: On CRAN
    
     ── Skip (test_mlworkflow.R:31:5): Testing imputation with learner impute_missMDA
     Reason: On CRAN
    
     ── Skip (test_mlworkflow.R:31:5): Testing imputation with learner impute_missRan
     Reason: On CRAN
    
     ── Skip (test_mlworkflow.R:31:5): Testing imputation with learner impute_mode_B
     Reason: On CRAN
    
     ── Skip (test_mlworkflow.R:31:5): Testing imputation with learner impute_sample_
     Reason: On CRAN
    
     ── Skip (test_mlworkflow.R:31:5): Testing imputation with learner impute_softImp
     Reason: On CRAN
    
     ── Skip (test_mlworkflow.R:31:5): Testing imputation with learner impute_VIM_HD_
     Reason: On CRAN
    
     ── Skip (test_mlworkflow.R:31:5): Testing imputation with learner impute_VIM_IRM
     Reason: On CRAN
    
     ── Skip (test_mlworkflow.R:31:5): Testing imputation with learner impute_VIM_kNN
     Reason: On CRAN
    
     ── Skip (test_mlworkflow.R:31:5): Testing imputation with learner impute_VIM_reg
     Reason: On CRAN
    
     INFO [11:50:31.400] Applying learner 'impute_hist_B.encodeimpact.classif.glmnet' on task 'pima' (iter 2/2)
     ── ERROR (test_mlworkflow.R:60:5): Testing imputation with learnerimpute_hist_B
     Error: need at least two non-NA values to interpolate
     Backtrace:
     █
     1. ├─testthat::expect_is(...) test_mlworkflow.R:60:4
     2. │ └─testthat::quasi_label(enquo(object), label, arg = "object")
     3. │ └─rlang::eval_bare(expr, quo_get_env(quo))
     4. └─mlr3::resample(tsk("pima"), graph_learner, rsmp("cv", folds = 2))
     5. └─future.apply::future_lapply(...)
     6. └─future.apply:::future_xapply(...)
     7. ├─future::value(fs)
     8. └─future:::value.list(fs)
     9. ├─future::resolve(...)
     10. └─future:::resolve.list(...)
     11. └─future:::signalConditionsASAP(obj, resignal = FALSE, pos = ii)
     12. └─future:::signalConditions(...)
    
     INFO [11:50:33.037] Applying learner 'impute_oor_B.encodeimpact.classif.glmnet' on task 'pima' (iter 2/2)
     ── ERROR (test_mlworkflow.R:60:5): Testing imputation with learnerimpute_oor_B ─
     Error: need at least two non-NA values to interpolate
     Backtrace:
     █
     1. ├─testthat::expect_is(...) test_mlworkflow.R:60:4
     2. │ └─testthat::quasi_label(enquo(object), label, arg = "object")
     3. │ └─rlang::eval_bare(expr, quo_get_env(quo))
     4. └─mlr3::resample(tsk("pima"), graph_learner, rsmp("cv", folds = 2))
     5. └─future.apply::future_lapply(...)
     6. └─future.apply:::future_xapply(...)
     7. ├─future::value(fs)
     8. └─future:::value.list(fs)
     9. ├─future::resolve(...)
     10. └─future:::resolve.list(...)
     11. └─future:::signalConditionsASAP(obj, resignal = FALSE, pos = ii)
     12. └─future:::signalConditions(...)
    
     INFO [11:50:34.435] Applying learner 'impute_mean_B.encodeimpact.classif.glmnet' on task 'pima' (iter 2/2)
     ── ERROR (test_mlworkflow.R:60:5): Testing imputation with learnerimpute_mean_B
     Error: need at least two non-NA values to interpolate
     Backtrace:
     █
     1. ├─testthat::expect_is(...) test_mlworkflow.R:60:4
     2. │ └─testthat::quasi_label(enquo(object), label, arg = "object")
     3. │ └─rlang::eval_bare(expr, quo_get_env(quo))
     4. └─mlr3::resample(tsk("pima"), graph_learner, rsmp("cv", folds = 2))
     5. └─future.apply::future_lapply(...)
     6. └─future.apply:::future_xapply(...)
     7. ├─future::value(fs)
     8. └─future:::value.list(fs)
     9. ├─future::resolve(...)
     10. └─future:::resolve.list(...)
     11. └─future:::signalConditionsASAP(obj, resignal = FALSE, pos = ii)
     12. └─future:::signalConditions(...)
    
     INFO [11:50:35.764] Applying learner 'impute_mode_B.encodeimpact.classif.glmnet' on task 'pima' (iter 2/2)
     ── ERROR (test_mlworkflow.R:60:5): Testing imputation with learnerimpute_mode_B
     Error: need at least two non-NA values to interpolate
     Backtrace:
     █
     1. ├─testthat::expect_is(...) test_mlworkflow.R:60:4
     2. │ └─testthat::quasi_label(enquo(object), label, arg = "object")
     3. │ └─rlang::eval_bare(expr, quo_get_env(quo))
     4. └─mlr3::resample(tsk("pima"), graph_learner, rsmp("cv", folds = 2))
     5. └─future.apply::future_lapply(...)
     6. └─future.apply:::future_xapply(...)
     7. ├─future::value(fs)
     8. └─future:::value.list(fs)
     9. ├─future::resolve(...)
     10. └─future:::resolve.list(...)
     11. └─future:::signalConditionsASAP(obj, resignal = FALSE, pos = ii)
     12. └─future:::signalConditions(...)
    
     INFO [11:50:37.295] Applying learner 'impute_mice_B.encodeimpact.classif.glmnet' on task 'test' (iter 2/2)
     ── ERROR (test_mlworkflow.R:91:5): Testing imputation with learnerimpute_mice_B
     Error: need at least two non-NA values to interpolate
     Backtrace:
     █
     1. ├─testthat::expect_is(...) test_mlworkflow.R:91:4
     2. │ └─testthat::quasi_label(enquo(object), label, arg = "object")
     3. │ └─rlang::eval_bare(expr, quo_get_env(quo))
     4. └─mlr3::resample(...)
     5. └─future.apply::future_lapply(...)
     6. └─future.apply:::future_xapply(...)
     7. ├─future::value(fs)
     8. └─future:::value.list(fs)
     9. ├─future::resolve(...)
     10. └─future:::resolve.list(...)
     11. └─future:::signalConditionsASAP(obj, resignal = FALSE, pos = ii)
     12. └─future:::signalConditions(...)
    
     ── Skip (test_simplePipe.R:29:3): Pipe working on example task ─────────────────
     Reason: On CRAN
    
     ── Skipped tests ──────────────────────────────────────────────────────────────
     ● On CRAN (13)
    
     ══ testthat results ═══════════════════════════════════════════════════════════
     Warning (test_mice_A.R:18:5): Testing mice A methods
     Warning (test_mice_A.R:18:5): Testing mice A methods
     Warning (test_mice_A.R:18:5): Testing mice A methods
     Warning (test_mice_A.R:18:5): Testing mice A methods
     Warning (test_mice_A.R:18:5): Testing mice A methods
     Warning (test_mice_A.R:18:5): Testing mice A methods
     Warning (test_mice_A.R:18:5): Testing mice A methods
     Warning (test_mice_A.R:18:5): Testing mice A methods
     Warning (test_mice_A.R:18:5): Testing mice A methods
     Warning (test_mice_A.R:18:5): Testing mice A methods
     Warning (test_mice_A.R:18:5): Testing mice A methods
     Warning (test_mice_A.R:18:5): Testing mice A methods
     Warning (test_mice_A.R:18:5): Testing mice A methods
     Warning (test_mice_A.R:18:5): Testing mice A methods
     Warning (test_mice_A.R:18:5): Testing mice A methods
     Warning (test_mice_A.R:18:5): Testing mice A methods
     Warning (test_mice_A.R:18:5): Testing mice A methods
     Warning (test_mice_A.R:18:5): Testing mice A methods
     Warning (test_mice_A.R:18:5): Testing mice A methods
     Warning (test_mice_A.R:18:5): Testing mice A methods
     Warning (test_mice_A.R:18:5): Testing mice A methods
     Warning (test_mice_A.R:18:5): Testing mice A methods
     Warning (test_mice_A.R:18:5): Testing mice A methods
     Warning (test_mice_A.R:18:5): Testing mice A methods
     Warning (test_mice_A.R:18:5): Testing mice A methods
     Warning (test_mice_A.R:18:5): Testing mice A methods
     Warning (test_mice_A.R:18:5): Testing mice A methods
     Warning (test_mice_A.R:18:5): Testing mice A methods
     Warning (test_mice_A.R:18:5): Testing mice A methods
     Warning (test_mice_A.R:18:5): Testing mice A methods
     Warning (test_mice_A.R:18:5): Testing mice A methods
     Warning (test_mice_A.R:18:5): Testing mice A methods
     Warning (test_mice_A.R:18:5): Testing mice A methods
     Warning (test_mice_A.R:18:5): Testing mice A methods
     Warning (test_mice_A.R:18:5): Testing mice A methods
     Warning (test_mice_A.R:18:5): Testing mice A methods
     Warning (test_mice_A.R:18:5): Testing mice A methods
     Warning (test_mice_A.R:18:5): Testing mice A methods
     Warning (test_mice_A.R:18:5): Testing mice A methods
     Warning (test_mice_A.R:18:5): Testing mice A methods
     Warning (test_mice_A.R:18:5): Testing mice A methods
     Warning (test_mice_A.R:18:5): Testing mice A methods
     Warning (test_mice_A.R:18:5): Testing mice A methods
     Warning (test_mice_A.R:18:5): Testing mice A methods
     Warning (test_mice_A.R:18:5): Testing mice A methods
     Warning (test_mice_A.R:18:5): Testing mice A methods
     Warning (test_mice_A.R:18:5): Testing mice A methods
     Warning (test_mice_A.R:18:5): Testing mice A methods
     Warning (test_mice_A.R:18:5): Testing mice A methods
     Warning (test_mice_A.R:18:5): Testing mice A methods
     Warning (test_mice_A.R:23:3): Testing mice A methods
     Warning (test_mice_A.R:23:3): Testing mice A methods
     Warning (test_mice_A.R:23:3): Testing mice A methods
     Warning (test_mice_A.R:23:3): Testing mice A methods
     Warning (test_mice_A.R:23:3): Testing mice A methods
     Warning (test_mice_A.R:23:3): Testing mice A methods
     Warning (test_mice_A.R:23:3): Testing mice A methods
     Warning (test_mice_A.R:23:3): Testing mice A methods
     Warning (test_mice_A.R:23:3): Testing mice A methods
     Warning (test_mice_A.R:23:3): Testing mice A methods
     Warning (test_mice_A.R:23:3): Testing mice A methods
     Warning (test_mice_A.R:23:3): Testing mice A methods
     Warning (test_mice_A.R:23:3): Testing mice A methods
     Warning (test_mice_A.R:23:3): Testing mice A methods
     Warning (test_mice_A.R:23:3): Testing mice A methods
     Warning (test_mice_A.R:23:3): Testing mice A methods
     Warning (test_mice_A.R:23:3): Testing mice A methods
     Warning (test_mice_A.R:23:3): Testing mice A methods
     Warning (test_mice_A.R:23:3): Testing mice A methods
     Warning (test_mice_A.R:23:3): Testing mice A methods
     Warning (test_mice_A.R:23:3): Testing mice A methods
     Warning (test_mice_A.R:23:3): Testing mice A methods
     Warning (test_mice_A.R:23:3): Testing mice A methods
     Warning (test_mice_A.R:23:3): Testing mice A methods
     Warning (test_mice_A.R:23:3): Testing mice A methods
     Warning (test_mice_A.R:23:3): Testing mice A methods
     Warning (test_mice_A.R:23:3): Testing mice A methods
     Warning (test_mice_A.R:23:3): Testing mice A methods
     Warning (test_mice_A.R:23:3): Testing mice A methods
     Warning (test_mice_A.R:23:3): Testing mice A methods
     Warning (test_mice_A.R:23:3): Testing mice A methods
     Warning (test_mice_A.R:23:3): Testing mice A methods
     Warning (test_mice_A.R:23:3): Testing mice A methods
     Warning (test_mice_A.R:23:3): Testing mice A methods
     Warning (test_mice_A.R:23:3): Testing mice A methods
     Warning (test_mice_A.R:23:3): Testing mice A methods
     Warning (test_mice_A.R:23:3): Testing mice A methods
     Warning (test_mice_A.R:23:3): Testing mice A methods
     Warning (test_mice_A.R:23:3): Testing mice A methods
     Warning (test_mice_A.R:23:3): Testing mice A methods
     Warning (test_mice_A.R:23:3): Testing mice A methods
     Warning (test_mice_A.R:23:3): Testing mice A methods
     Warning (test_mice_A.R:23:3): Testing mice A methods
     Warning (test_mice_A.R:23:3): Testing mice A methods
     Warning (test_mice_A.R:23:3): Testing mice A methods
     Warning (test_mice_A.R:23:3): Testing mice A methods
     Warning (test_mice_A.R:23:3): Testing mice A methods
     Warning (test_mice_A.R:23:3): Testing mice A methods
     Warning (test_mice_A.R:23:3): Testing mice A methods
     Warning (test_mice_A.R:23:3): Testing mice A methods
     Warning (test_mice_A.R:27:3): Testing mice A methods
     Warning (test_mice_A.R:27:3): Testing mice A methods
     Warning (test_mice_A.R:27:3): Testing mice A methods
     Warning (test_mice_A.R:27:3): Testing mice A methods
     Warning (test_mice_A.R:27:3): Testing mice A methods
     Warning (test_mice_A.R:27:3): Testing mice A methods
     Warning (test_mice_A.R:27:3): Testing mice A methods
     Warning (test_mice_A.R:27:3): Testing mice A methods
     Warning (test_mice_A.R:27:3): Testing mice A methods
     Warning (test_mice_A.R:27:3): Testing mice A methods
     Warning (test_mice_A.R:27:3): Testing mice A methods
     Warning (test_mice_A.R:27:3): Testing mice A methods
     Warning (test_mice_A.R:27:3): Testing mice A methods
     Warning (test_mice_A.R:27:3): Testing mice A methods
     Warning (test_mice_A.R:27:3): Testing mice A methods
     Warning (test_mice_A.R:27:3): Testing mice A methods
     Warning (test_mice_A.R:27:3): Testing mice A methods
     Warning (test_mice_A.R:27:3): Testing mice A methods
     Warning (test_mice_A.R:27:3): Testing mice A methods
     Warning (test_mice_A.R:27:3): Testing mice A methods
     Warning (test_mice_A.R:27:3): Testing mice A methods
     Warning (test_mice_A.R:27:3): Testing mice A methods
     Warning (test_mice_A.R:27:3): Testing mice A methods
     Warning (test_mice_A.R:27:3): Testing mice A methods
     Warning (test_mice_A.R:27:3): Testing mice A methods
     Warning (test_mice_A.R:27:3): Testing mice A methods
     Warning (test_mice_A.R:27:3): Testing mice A methods
     Warning (test_mice_A.R:27:3): Testing mice A methods
     Warning (test_mice_A.R:27:3): Testing mice A methods
     Warning (test_mice_A.R:27:3): Testing mice A methods
     Warning (test_mice_A.R:27:3): Testing mice A methods
     Warning (test_mice_A.R:27:3): Testing mice A methods
     Warning (test_mice_A.R:27:3): Testing mice A methods
     Warning (test_mice_A.R:27:3): Testing mice A methods
     Warning (test_mice_A.R:27:3): Testing mice A methods
     Warning (test_mice_A.R:27:3): Testing mice A methods
     Warning (test_mice_A.R:27:3): Testing mice A methods
     Warning (test_mice_A.R:27:3): Testing mice A methods
     Warning (test_mice_A.R:27:3): Testing mice A methods
     Warning (test_mice_A.R:27:3): Testing mice A methods
     Warning (test_mice_A.R:27:3): Testing mice A methods
     Warning (test_mice_A.R:27:3): Testing mice A methods
     Warning (test_mice_A.R:27:3): Testing mice A methods
     Warning (test_mice_A.R:27:3): Testing mice A methods
     Warning (test_mice_A.R:27:3): Testing mice A methods
     Warning (test_mice_A.R:27:3): Testing mice A methods
     Warning (test_mice_A.R:27:3): Testing mice A methods
     Warning (test_mice_A.R:27:3): Testing mice A methods
     Warning (test_mice_A.R:27:3): Testing mice A methods
     Warning (test_mice_A.R:27:3): Testing mice A methods
     Warning (test_mice_A.R:31:3): Testing mice A methods
     Warning (test_mice_A.R:31:3): Testing mice A methods
     Warning (test_mice_A.R:31:3): Testing mice A methods
     Warning (test_mice_A.R:31:3): Testing mice A methods
     Warning (test_mice_A.R:31:3): Testing mice A methods
     Warning (test_mice_A.R:31:3): Testing mice A methods
     Warning (test_mice_A.R:31:3): Testing mice A methods
     Warning (test_mice_A.R:31:3): Testing mice A methods
     Warning (test_mice_A.R:31:3): Testing mice A methods
     Warning (test_mice_A.R:31:3): Testing mice A methods
     Warning (test_mice_A.R:31:3): Testing mice A methods
     Warning (test_mice_A.R:31:3): Testing mice A methods
     Warning (test_mice_A.R:31:3): Testing mice A methods
     Warning (test_mice_A.R:31:3): Testing mice A methods
     Warning (test_mice_A.R:31:3): Testing mice A methods
     Warning (test_mice_A.R:31:3): Testing mice A methods
     Warning (test_mice_A.R:31:3): Testing mice A methods
     Warning (test_mice_A.R:31:3): Testing mice A methods
     Warning (test_mice_A.R:31:3): Testing mice A methods
     Warning (test_mice_A.R:31:3): Testing mice A methods
     Warning (test_mice_A.R:31:3): Testing mice A methods
     Warning (test_mice_A.R:31:3): Testing mice A methods
     Warning (test_mice_A.R:31:3): Testing mice A methods
     Warning (test_mice_A.R:31:3): Testing mice A methods
     Warning (test_mice_A.R:31:3): Testing mice A methods
     Warning (test_mice_A.R:31:3): Testing mice A methods
     Warning (test_mice_A.R:31:3): Testing mice A methods
     Warning (test_mice_A.R:31:3): Testing mice A methods
     Warning (test_mice_A.R:31:3): Testing mice A methods
     Warning (test_mice_A.R:31:3): Testing mice A methods
     Warning (test_mice_A.R:31:3): Testing mice A methods
     Warning (test_mice_A.R:31:3): Testing mice A methods
     Warning (test_mice_A.R:31:3): Testing mice A methods
     Warning (test_mice_A.R:31:3): Testing mice A methods
     Warning (test_mice_A.R:31:3): Testing mice A methods
     Warning (test_mice_A.R:31:3): Testing mice A methods
     Warning (test_mice_A.R:31:3): Testing mice A methods
     Warning (test_mice_A.R:31:3): Testing mice A methods
     Warning (test_mice_A.R:31:3): Testing mice A methods
     Warning (test_mice_A.R:31:3): Testing mice A methods
     Warning (test_mice_A.R:31:3): Testing mice A methods
     Warning (test_mice_A.R:31:3): Testing mice A methods
     Warning (test_mice_A.R:31:3): Testing mice A methods
     Warning (test_mice_A.R:31:3): Testing mice A methods
     Warning (test_mice_A.R:31:3): Testing mice A methods
     Warning (test_mice_A.R:31:3): Testing mice A methods
     Warning (test_mice_A.R:31:3): Testing mice A methods
     Warning (test_mice_A.R:31:3): Testing mice A methods
     Warning (test_mice_A.R:31:3): Testing mice A methods
     Warning (test_mice_A.R:31:3): Testing mice A methods
     Warning (test_mice_A.R:35:3): Testing mice A methods
     Warning (test_mice_A.R:35:3): Testing mice A methods
     Warning (test_mice_A.R:35:3): Testing mice A methods
     Warning (test_mice_A.R:35:3): Testing mice A methods
     Warning (test_mice_A.R:35:3): Testing mice A methods
     Warning (test_mice_A.R:35:3): Testing mice A methods
     Warning (test_mice_A.R:35:3): Testing mice A methods
     Warning (test_mice_A.R:35:3): Testing mice A methods
     Warning (test_mice_A.R:35:3): Testing mice A methods
     Warning (test_mice_A.R:35:3): Testing mice A methods
     Warning (test_mice_A.R:35:3): Testing mice A methods
     Warning (test_mice_A.R:35:3): Testing mice A methods
     Warning (test_mice_A.R:35:3): Testing mice A methods
     Warning (test_mice_A.R:35:3): Testing mice A methods
     Warning (test_mice_A.R:35:3): Testing mice A methods
     Warning (test_mice_A.R:35:3): Testing mice A methods
     Warning (test_mice_A.R:35:3): Testing mice A methods
     Warning (test_mice_A.R:35:3): Testing mice A methods
     Warning (test_mice_A.R:35:3): Testing mice A methods
     Warning (test_mice_A.R:35:3): Testing mice A methods
     Warning (test_mice_A.R:35:3): Testing mice A methods
     Warning (test_mice_A.R:35:3): Testing mice A methods
     Warning (test_mice_A.R:35:3): Testing mice A methods
     Warning (test_mice_A.R:35:3): Testing mice A methods
     Warning (test_mice_A.R:35:3): Testing mice A methods
     Warning (test_mice_A.R:35:3): Testing mice A methods
     Warning (test_mice_A.R:35:3): Testing mice A methods
     Warning (test_mice_A.R:35:3): Testing mice A methods
     Warning (test_mice_A.R:35:3): Testing mice A methods
     Warning (test_mice_A.R:35:3): Testing mice A methods
     Warning (test_mice_A.R:35:3): Testing mice A methods
     Warning (test_mice_A.R:35:3): Testing mice A methods
     Warning (test_mice_A.R:35:3): Testing mice A methods
     Warning (test_mice_A.R:35:3): Testing mice A methods
     Warning (test_mice_A.R:35:3): Testing mice A methods
     Warning (test_mice_A.R:35:3): Testing mice A methods
     Warning (test_mice_A.R:35:3): Testing mice A methods
     Warning (test_mice_A.R:35:3): Testing mice A methods
     Warning (test_mice_A.R:35:3): Testing mice A methods
     Warning (test_mice_A.R:35:3): Testing mice A methods
     Warning (test_mice_A.R:35:3): Testing mice A methods
     Warning (test_mice_A.R:35:3): Testing mice A methods
     Warning (test_mice_A.R:35:3): Testing mice A methods
     Warning (test_mice_A.R:35:3): Testing mice A methods
     Warning (test_mice_A.R:35:3): Testing mice A methods
     Warning (test_mice_A.R:35:3): Testing mice A methods
     Warning (test_mice_A.R:35:3): Testing mice A methods
     Warning (test_mice_A.R:35:3): Testing mice A methods
     Warning (test_mice_A.R:35:3): Testing mice A methods
     Warning (test_mice_A.R:35:3): Testing mice A methods
     ERROR (test_mlworkflow.R:60:5): Testing imputation with learnerimpute_hist_B
     ERROR (test_mlworkflow.R:60:5): Testing imputation with learnerimpute_oor_B
     ERROR (test_mlworkflow.R:60:5): Testing imputation with learnerimpute_mean_B
     ERROR (test_mlworkflow.R:60:5): Testing imputation with learnerimpute_mode_B
     ERROR (test_mlworkflow.R:91:5): Testing imputation with learnerimpute_mice_B
    
     [ FAIL 5 | WARN 250 | SKIP 13 | PASS 93 ]
     Error: Test failures
     Execution halted
Flavor: r-patched-solaris-x86

Version: 0.4.0
Check: re-building of vignette outputs
Result: WARN
    Error(s) in re-building vignettes:
     ...
    --- re-building ‘NADIA_basic_usage.Rmd’ using rmarkdown
    Warning in engine$weave(file, quiet = quiet, encoding = enc) :
     Pandoc (>= 1.12.3) and/or pandoc-citeproc not available. Falling back to R Markdown v1.
    Warning: code chunks must not depend on the uncached chunk "chunk2"
    Quitting from lines 138-156 (NADIA_basic_usage.Rmd)
    Error: processing vignette 'NADIA_basic_usage.Rmd' failed with diagnostics:
    need at least two non-NA values to interpolate
    --- failed re-building ‘NADIA_basic_usage.Rmd’
    
    SUMMARY: processing the following file failed:
     ‘NADIA_basic_usage.Rmd’
    
    Error: Vignette re-building failed.
    Execution halted
Flavor: r-patched-solaris-x86