CRAN Package Check Results for Package N2R

Last updated on 2020-12-04 00:48:28 CET.

Flavor Version Tinstall Tcheck Ttotal Status Flags
r-devel-linux-x86_64-debian-clang 0.1.0 90.15 63.83 153.98 NOTE
r-devel-linux-x86_64-debian-gcc 0.1.0 62.43 50.87 113.30 NOTE
r-devel-linux-x86_64-fedora-clang 0.1.0 222.66 NOTE
r-devel-linux-x86_64-fedora-gcc 0.1.0 201.05 NOTE
r-devel-windows-ix86+x86_64 0.1.0 216.00 121.00 337.00 NOTE
r-patched-linux-x86_64 0.1.0 76.56 59.39 135.95 NOTE
r-patched-solaris-x86 0.1.0 207.30 NOTE
r-release-linux-x86_64 0.1.0 74.96 59.10 134.06 NOTE
r-release-macos-x86_64 0.1.0 ERROR
r-release-windows-ix86+x86_64 0.1.0 161.00 96.00 257.00 NOTE
r-oldrel-macos-x86_64 0.1.0 NOTE
r-oldrel-windows-ix86+x86_64 0.1.0 61.00 7.00 68.00 ERROR

Additional issues

gcc-UBSAN

Check Details

Version: 0.1.0
Check: for GNU extensions in Makefiles
Result: NOTE
    GNU make is a SystemRequirements.
Flavors: r-devel-linux-x86_64-debian-clang, r-devel-linux-x86_64-debian-gcc, r-devel-linux-x86_64-fedora-clang, r-devel-linux-x86_64-fedora-gcc, r-devel-windows-ix86+x86_64, r-patched-linux-x86_64, r-patched-solaris-x86, r-release-linux-x86_64, r-release-windows-ix86+x86_64, r-oldrel-macos-x86_64

Version: 0.1.0
Check: installed package size
Result: NOTE
     installed size is 6.1Mb
     sub-directories of 1Mb or more:
     libs 5.9Mb
Flavors: r-devel-linux-x86_64-fedora-clang, r-oldrel-macos-x86_64

Version: 0.1.0
Check: whether package can be installed
Result: ERROR
    Installation failed.
Flavors: r-release-macos-x86_64, r-oldrel-windows-ix86+x86_64