CRAN Package Check Results for Package Myrrixjars

Last updated on 2020-12-04 00:48:28 CET.

Flavor Version Tinstall Tcheck Ttotal Status Flags
r-devel-linux-x86_64-debian-clang 1.0-2 4.52 25.12 29.64 OK
r-devel-linux-x86_64-debian-gcc 1.0-2 3.64 21.64 25.28 OK
r-devel-linux-x86_64-fedora-clang 1.0-2 44.28 NOTE
r-devel-linux-x86_64-fedora-gcc 1.0-2 34.60 OK
r-devel-windows-ix86+x86_64 1.0-2 8.00 38.00 46.00 NOTE
r-patched-linux-x86_64 1.0-2 4.03 23.99 28.02 OK
r-patched-solaris-x86 1.0-2 50.30 NOTE
r-release-linux-x86_64 1.0-2 4.39 23.74 28.13 OK
r-release-macos-x86_64 1.0-2 NOTE
r-release-windows-ix86+x86_64 1.0-2 9.00 39.00 48.00 NOTE
r-oldrel-macos-x86_64 1.0-2 NOTE
r-oldrel-windows-ix86+x86_64 1.0-2 9.00 34.00 43.00 NOTE

Check Details

Version: 1.0-2
Check: installed package size
Result: NOTE
     installed size is 13.9Mb
     sub-directories of 1Mb or more:
     java 13.8Mb
Flavors: r-devel-linux-x86_64-fedora-clang, r-devel-windows-ix86+x86_64, r-patched-solaris-x86, r-release-macos-x86_64, r-release-windows-ix86+x86_64, r-oldrel-macos-x86_64, r-oldrel-windows-ix86+x86_64