Last updated on 2020-12-04 00:48:28 CET.
Flavor | Version | Tinstall | Tcheck | Ttotal | Status | Flags |
---|---|---|---|---|---|---|
r-devel-linux-x86_64-debian-clang | 1.1.3 | 8.01 | 67.91 | 75.92 | OK | |
r-devel-linux-x86_64-debian-gcc | 1.1.3 | 6.29 | 53.28 | 59.57 | OK | |
r-devel-linux-x86_64-fedora-clang | 1.1.3 | 97.60 | NOTE | |||
r-devel-linux-x86_64-fedora-gcc | 1.1.3 | 90.49 | NOTE | |||
r-devel-windows-ix86+x86_64 | 1.1.3 | 16.00 | 87.00 | 103.00 | OK | |
r-patched-linux-x86_64 | 1.1.3 | 7.07 | 65.33 | 72.40 | OK | |
r-patched-solaris-x86 | 1.1.3 | 131.10 | NOTE | |||
r-release-linux-x86_64 | 1.1.3 | 6.50 | 66.66 | 73.16 | OK | |
r-release-macos-x86_64 | 1.1.3 | NOTE | ||||
r-release-windows-ix86+x86_64 | 1.1.3 | 14.00 | 88.00 | 102.00 | OK | |
r-oldrel-macos-x86_64 | 1.1.3 | NOTE | ||||
r-oldrel-windows-ix86+x86_64 | 1.1.3 | 12.00 | 87.00 | 99.00 | OK |
Version: 1.1.3
Check: data for non-ASCII characters
Result: NOTE
Note: found 6 marked UTF-8 strings
Flavors: r-devel-linux-x86_64-fedora-clang, r-devel-linux-x86_64-fedora-gcc, r-patched-solaris-x86, r-release-macos-x86_64, r-oldrel-macos-x86_64