Last updated on 2020-12-04 00:48:28 CET.
Flavor | Version | Tinstall | Tcheck | Ttotal | Status | Flags |
---|---|---|---|---|---|---|
r-devel-linux-x86_64-debian-clang | 1.43.17 | 17.65 | 159.09 | 176.74 | OK | |
r-devel-linux-x86_64-debian-gcc | 1.43.17 | 14.99 | 122.17 | 137.16 | OK | |
r-devel-linux-x86_64-fedora-clang | 1.43.17 | 217.32 | NOTE | |||
r-devel-linux-x86_64-fedora-gcc | 1.43.17 | 219.66 | OK | |||
r-devel-windows-ix86+x86_64 | 1.43.17 | 33.00 | 194.00 | 227.00 | OK | |
r-patched-linux-x86_64 | 1.43.17 | 15.09 | 149.71 | 164.80 | OK | |
r-patched-solaris-x86 | 1.43.17 | 314.50 | OK | |||
r-release-linux-x86_64 | 1.43.17 | 18.34 | 150.75 | 169.09 | OK | |
r-release-macos-x86_64 | 1.43.17 | OK | ||||
r-release-windows-ix86+x86_64 | 1.43.17 | 22.00 | 143.00 | 165.00 | OK | |
r-oldrel-macos-x86_64 | 1.43.17 | OK | ||||
r-oldrel-windows-ix86+x86_64 | 1.43.17 | 24.00 | 191.00 | 215.00 | OK |
Version: 1.43.17
Check: Rd cross-references
Result: NOTE
Undeclared packages ‘AICcmodavg’, ‘bbmle’, ‘glmulti’, ‘arm’, ‘wgeesel’, ‘ape’, ‘bestglm’, ‘leaps’, ‘glmmTMB’, ‘brglm’, ‘quantreg’, ‘maxlike’, ‘RMark’ in Rd xrefs
Flavor: r-devel-linux-x86_64-fedora-clang