CRAN Package Check Results for Package MuChPoint

Last updated on 2020-12-04 00:48:27 CET.

Flavor Version Tinstall Tcheck Ttotal Status Flags
r-devel-linux-x86_64-debian-clang 0.6.1 20.01 33.93 53.94 OK
r-devel-linux-x86_64-debian-gcc 0.6.1 13.90 26.31 40.21 OK
r-devel-linux-x86_64-fedora-clang 0.6.1 76.66 NOTE
r-devel-linux-x86_64-fedora-gcc 0.6.1 64.44 NOTE
r-devel-windows-ix86+x86_64 0.6.1 51.00 84.00 135.00 OK
r-patched-linux-x86_64 0.6.1 15.73 31.86 47.59 OK
r-patched-solaris-x86 0.6.1 75.90 NOTE
r-release-linux-x86_64 0.6.1 17.80 32.38 50.18 OK
r-release-macos-x86_64 0.6.1 NOTE
r-release-windows-ix86+x86_64 0.6.1 34.00 78.00 112.00 OK
r-oldrel-macos-x86_64 0.6.1 NOTE
r-oldrel-windows-ix86+x86_64 0.6.1 36.00 82.00 118.00 OK

Check Details

Version: 0.6.1
Check: dependencies in R code
Result: NOTE
    Namespaces in Imports field not imported from:
     ‘Matrix’ ‘capushe’ ‘shiny’
     All declared Imports should be used.
Flavors: r-devel-linux-x86_64-fedora-clang, r-devel-linux-x86_64-fedora-gcc, r-patched-solaris-x86, r-release-macos-x86_64, r-oldrel-macos-x86_64