Last updated on 2020-12-04 00:48:27 CET.
Flavor | Version | Tinstall | Tcheck | Ttotal | Status | Flags |
---|---|---|---|---|---|---|
r-devel-linux-x86_64-debian-clang | 1.7 | 14.30 | 95.55 | 109.85 | OK | |
r-devel-linux-x86_64-debian-gcc | 1.7 | 12.24 | 72.91 | 85.15 | OK | |
r-devel-linux-x86_64-fedora-clang | 1.7 | 139.42 | NOTE | |||
r-devel-linux-x86_64-fedora-gcc | 1.7 | 132.85 | NOTE | |||
r-devel-windows-ix86+x86_64 | 1.7 | 26.00 | 115.00 | 141.00 | OK | |
r-patched-linux-x86_64 | 1.7 | 10.07 | 89.94 | 100.01 | OK | |
r-patched-solaris-x86 | 1.7 | 181.40 | NOTE | |||
r-release-linux-x86_64 | 1.7 | 9.43 | 89.49 | 98.92 | OK | |
r-release-macos-x86_64 | 1.7 | NOTE | ||||
r-release-windows-ix86+x86_64 | 1.7 | 21.00 | 83.00 | 104.00 | OK | |
r-oldrel-macos-x86_64 | 1.7 | NOTE | ||||
r-oldrel-windows-ix86+x86_64 | 1.7 | 21.00 | 97.00 | 118.00 | OK |
Version: 1.7
Check: dependencies in R code
Result: NOTE
Namespaces in Imports field not imported from:
‘MASS’ ‘moments’ ‘mvtnorm’
All declared Imports should be used.
Flavors: r-devel-linux-x86_64-fedora-clang, r-devel-linux-x86_64-fedora-gcc, r-patched-solaris-x86, r-release-macos-x86_64, r-oldrel-macos-x86_64