CRAN Package Check Results for Package MplusAutomation

Last updated on 2020-12-04 00:48:27 CET.

Flavor Version Tinstall Tcheck Ttotal Status Flags
r-devel-linux-x86_64-debian-clang 0.8 38.98 115.57 154.55 OK
r-devel-linux-x86_64-debian-gcc 0.8 34.83 88.21 123.04 OK
r-devel-linux-x86_64-fedora-clang 0.8 198.85 OK
r-devel-linux-x86_64-fedora-gcc 0.8 198.24 OK
r-devel-windows-ix86+x86_64 0.8 69.00 149.00 218.00 OK
r-patched-linux-x86_64 0.8 36.89 107.05 143.94 OK
r-patched-solaris-x86 0.8 227.80 OK
r-release-linux-x86_64 0.8 38.01 106.77 144.78 OK
r-release-macos-x86_64 0.8 OK
r-release-windows-ix86+x86_64 0.8 50.00 112.00 162.00 OK
r-oldrel-macos-x86_64 0.8 NOTE
r-oldrel-windows-ix86+x86_64 0.8 51.00 146.00 197.00 OK

Check Details

Version: 0.8
Check: dependencies in R code
Result: NOTE
    No protocol specified
    No protocol specified
Flavor: r-oldrel-macos-x86_64