Last updated on 2020-12-04 00:48:27 CET.
Flavor | Version | Tinstall | Tcheck | Ttotal | Status | Flags |
---|---|---|---|---|---|---|
r-devel-linux-x86_64-debian-clang | 2.0.0 | 6.25 | 32.63 | 38.88 | OK | |
r-devel-linux-x86_64-debian-gcc | 2.0.0 | 5.69 | 26.99 | 32.68 | OK | |
r-devel-linux-x86_64-fedora-clang | 2.0.0 | 54.04 | NOTE | |||
r-devel-linux-x86_64-fedora-gcc | 2.0.0 | 45.52 | NOTE | |||
r-devel-windows-ix86+x86_64 | 2.0.0 | 17.00 | 58.00 | 75.00 | OK | |
r-patched-linux-x86_64 | 2.0.0 | 5.86 | 30.93 | 36.79 | OK | |
r-patched-solaris-x86 | 2.0.0 | 65.30 | NOTE | |||
r-release-linux-x86_64 | 2.0.0 | 6.43 | 30.71 | 37.14 | OK | |
r-release-macos-x86_64 | 2.0.0 | NOTE | ||||
r-release-windows-ix86+x86_64 | 2.0.0 | 15.00 | 55.00 | 70.00 | OK | |
r-oldrel-macos-x86_64 | 2.0.0 | NOTE | ||||
r-oldrel-windows-ix86+x86_64 | 2.0.0 | 10.00 | 57.00 | 67.00 | OK |
Version: 2.0.0
Check: dependencies in R code
Result: NOTE
Namespace in Imports field not imported from: ‘testthat’
All declared Imports should be used.
Flavors: r-devel-linux-x86_64-fedora-clang, r-devel-linux-x86_64-fedora-gcc, r-patched-solaris-x86, r-release-macos-x86_64, r-oldrel-macos-x86_64