CRAN Package Check Results for Package MomTrunc

Last updated on 2020-12-04 00:48:27 CET.

Flavor Version Tinstall Tcheck Ttotal Status Flags
r-devel-linux-x86_64-debian-clang 5.91 78.32 79.80 158.12 OK
r-devel-linux-x86_64-debian-gcc 5.91 54.99 60.66 115.65 OK
r-devel-linux-x86_64-fedora-clang 5.91 203.80 NOTE
r-devel-linux-x86_64-fedora-gcc 5.91 202.46 OK
r-devel-windows-ix86+x86_64 5.91 153.00 129.00 282.00 OK
r-patched-linux-x86_64 5.91 64.39 74.00 138.39 OK
r-patched-solaris-x86 5.91 179.90 OK
r-release-linux-x86_64 5.91 60.65 73.85 134.50 OK
r-release-macos-x86_64 5.91 NOTE
r-release-windows-ix86+x86_64 5.91 110.00 133.00 243.00 OK
r-oldrel-macos-x86_64 5.91 NOTE
r-oldrel-windows-ix86+x86_64 5.91 106.00 119.00 225.00 OK

Check Details

Version: 5.91
Check: installed package size
Result: NOTE
     installed size is 7.0Mb
     sub-directories of 1Mb or more:
     libs 6.5Mb
Flavors: r-devel-linux-x86_64-fedora-clang, r-release-macos-x86_64, r-oldrel-macos-x86_64