CRAN Package Check Results for Package MoBPS

Last updated on 2020-12-04 00:48:27 CET.

Flavor Version Tinstall Tcheck Ttotal Status Flags
r-devel-linux-x86_64-debian-clang 1.4.87 41.68 127.08 168.76 NOTE
r-devel-linux-x86_64-debian-gcc 1.4.87 37.38 92.60 129.98 NOTE
r-devel-linux-x86_64-fedora-clang 1.4.87 221.52 NOTE
r-devel-linux-x86_64-fedora-gcc 1.4.87 225.02 NOTE
r-devel-windows-ix86+x86_64 1.4.87 53.00 131.00 184.00 NOTE
r-patched-linux-x86_64 1.4.87 39.70 114.13 153.83 NOTE
r-patched-solaris-x86 1.4.87 241.50 NOTE
r-release-linux-x86_64 1.4.87 39.54 114.26 153.80 NOTE
r-release-macos-x86_64 1.4.87 NOTE
r-release-windows-ix86+x86_64 1.4.87 49.00 118.00 167.00 NOTE
r-oldrel-macos-x86_64 1.4.87 NOTE
r-oldrel-windows-ix86+x86_64 1.4.87 51.00 123.00 174.00 NOTE

Additional issues

donttest

Check Details

Version: 1.4.87
Check: package dependencies
Result: NOTE
    Package which this enhances but not available for checking: 'MoBPSmaps'
Flavors: r-devel-linux-x86_64-debian-clang, r-devel-linux-x86_64-debian-gcc, r-devel-linux-x86_64-fedora-clang, r-devel-linux-x86_64-fedora-gcc, r-devel-windows-ix86+x86_64, r-patched-linux-x86_64, r-patched-solaris-x86, r-release-linux-x86_64, r-release-windows-ix86+x86_64, r-oldrel-windows-ix86+x86_64

Version: 1.4.87
Check: package dependencies
Result: NOTE
    Packages suggested but not available for checking: 'doMPI', 'vcfR'
    
    Package which this enhances but not available for checking: ‘MoBPSmaps’
Flavor: r-release-macos-x86_64

Version: 1.4.87
Check: package dependencies
Result: NOTE
    Package suggested but not available for checking: ‘doMPI’
    
    Package which this enhances but not available for checking: ‘MoBPSmaps’
Flavor: r-oldrel-macos-x86_64