CRAN Package Check Results for Package MixfMRI

Last updated on 2020-12-04 00:48:27 CET.

Flavor Version Tinstall Tcheck Ttotal Status Flags
r-devel-linux-x86_64-debian-clang 0.1-0 12.13 104.69 116.82 OK
r-devel-linux-x86_64-debian-gcc 0.1-0 10.92 78.74 89.66 OK
r-devel-linux-x86_64-fedora-clang 0.1-0 149.32 OK
r-devel-linux-x86_64-fedora-gcc 0.1-0 153.85 OK
r-devel-windows-ix86+x86_64 0.1-0 28.00 169.00 197.00 OK
r-patched-linux-x86_64 0.1-0 13.40 98.64 112.04 OK
r-patched-solaris-x86 0.1-0 187.00 OK
r-release-linux-x86_64 0.1-0 15.08 98.14 113.22 OK
r-release-macos-x86_64 0.1-0 NOTE
r-release-windows-ix86+x86_64 0.1-0 23.00 168.00 191.00 OK
r-oldrel-macos-x86_64 0.1-0 NOTE
r-oldrel-windows-ix86+x86_64 0.1-0 19.00 161.00 180.00 OK

Check Details

Version: 0.1-0
Check: package dependencies
Result: NOTE
    Package which this enhances but not available for checking: ‘pbdMPI’
Flavors: r-release-macos-x86_64, r-oldrel-macos-x86_64