Last updated on 2020-12-04 00:48:27 CET.
Flavor | Version | Tinstall | Tcheck | Ttotal | Status | Flags |
---|---|---|---|---|---|---|
r-devel-linux-x86_64-debian-clang | 0.1.2 | 5.32 | 223.65 | 228.97 | OK | |
r-devel-linux-x86_64-debian-gcc | 0.1.2 | 3.83 | 154.41 | 158.24 | OK | |
r-devel-linux-x86_64-fedora-clang | 0.1.2 | 252.59 | NOTE | |||
r-devel-linux-x86_64-fedora-gcc | 0.1.2 | 275.83 | NOTE | |||
r-devel-windows-ix86+x86_64 | 0.1.2 | 11.00 | 244.00 | 255.00 | OK | |
r-patched-linux-x86_64 | 0.1.2 | 5.29 | 203.59 | 208.88 | OK | |
r-patched-solaris-x86 | 0.1.2 | 306.60 | NOTE | |||
r-release-linux-x86_64 | 0.1.2 | 6.07 | 202.50 | 208.57 | OK | |
r-release-macos-x86_64 | 0.1.2 | NOTE | ||||
r-release-windows-ix86+x86_64 | 0.1.2 | 9.00 | 191.00 | 200.00 | OK | |
r-oldrel-macos-x86_64 | 0.1.2 | NOTE | ||||
r-oldrel-windows-ix86+x86_64 | 0.1.2 | 12.00 | 264.00 | 276.00 | OK |
Version: 0.1.2
Check: dependencies in R code
Result: NOTE
Namespace in Imports field not imported from: ‘rlang’
All declared Imports should be used.
Flavors: r-devel-linux-x86_64-fedora-clang, r-devel-linux-x86_64-fedora-gcc, r-patched-solaris-x86, r-release-macos-x86_64, r-oldrel-macos-x86_64