CRAN Package Check Results for Package MixGHD

Last updated on 2020-12-04 00:48:27 CET.

Flavor Version Tinstall Tcheck Ttotal Status Flags
r-devel-linux-x86_64-debian-clang 2.3.3 25.37 115.95 141.32 NOTE
r-devel-linux-x86_64-debian-gcc 2.3.3 17.98 86.50 104.48 NOTE
r-devel-linux-x86_64-fedora-clang 2.3.3 183.58 NOTE
r-devel-linux-x86_64-fedora-gcc 2.3.3 184.08 NOTE
r-devel-windows-ix86+x86_64 2.3.3 49.00 219.00 268.00 NOTE
r-patched-linux-x86_64 2.3.3 19.85 108.03 127.88 NOTE
r-patched-solaris-x86 2.3.3 209.50 NOTE
r-release-linux-x86_64 2.3.3 20.46 111.68 132.14 NOTE
r-release-macos-x86_64 2.3.3 NOTE
r-release-windows-ix86+x86_64 2.3.3 37.00 218.00 255.00 NOTE
r-oldrel-macos-x86_64 2.3.3 NOTE
r-oldrel-windows-ix86+x86_64 2.3.3 37.00 217.00 254.00 NOTE

Check Details

Version: 2.3.3
Check: for GNU extensions in Makefiles
Result: NOTE
    GNU make is a SystemRequirements.
Flavors: r-devel-linux-x86_64-debian-clang, r-devel-linux-x86_64-debian-gcc, r-devel-linux-x86_64-fedora-clang, r-devel-linux-x86_64-fedora-gcc, r-devel-windows-ix86+x86_64, r-patched-linux-x86_64, r-patched-solaris-x86, r-release-linux-x86_64, r-release-macos-x86_64, r-release-windows-ix86+x86_64, r-oldrel-macos-x86_64, r-oldrel-windows-ix86+x86_64