CRAN Package Check Results for Package Methplot

Last updated on 2020-12-04 00:48:27 CET.

Flavor Version Tinstall Tcheck Ttotal Status Flags
r-devel-linux-x86_64-debian-clang 1.0 5.38 42.05 47.43 NOTE
r-devel-linux-x86_64-debian-gcc 1.0 4.51 32.24 36.75 NOTE
r-devel-linux-x86_64-fedora-clang 1.0 64.15 NOTE
r-devel-linux-x86_64-fedora-gcc 1.0 59.31 NOTE
r-devel-windows-ix86+x86_64 1.0 12.00 72.00 84.00 NOTE
r-patched-linux-x86_64 1.0 4.83 39.60 44.43 NOTE
r-patched-solaris-x86 1.0 82.40 NOTE
r-release-linux-x86_64 1.0 5.51 39.74 45.25 NOTE
r-release-macos-x86_64 1.0 NOTE
r-release-windows-ix86+x86_64 1.0 9.00 48.00 57.00 NOTE
r-oldrel-macos-x86_64 1.0 NOTE
r-oldrel-windows-ix86+x86_64 1.0 9.00 62.00 71.00 NOTE

Check Details

Version: 1.0
Check: DESCRIPTION meta-information
Result: NOTE
    Malformed Description field: should contain one or more complete sentences.
Flavors: r-devel-linux-x86_64-debian-clang, r-devel-linux-x86_64-debian-gcc, r-devel-linux-x86_64-fedora-clang, r-devel-linux-x86_64-fedora-gcc, r-devel-windows-ix86+x86_64, r-patched-linux-x86_64, r-patched-solaris-x86, r-release-linux-x86_64, r-release-macos-x86_64, r-release-windows-ix86+x86_64, r-oldrel-macos-x86_64, r-oldrel-windows-ix86+x86_64

Version: 1.0
Check: R code for possible problems
Result: NOTE
    getdata: no visible global function definition for 'read.csv'
    plotdata: no visible global function definition for 'head'
    Undefined global functions or variables:
     head read.csv
    Consider adding
     importFrom("utils", "head", "read.csv")
    to your NAMESPACE file.
Flavors: r-devel-linux-x86_64-debian-clang, r-devel-linux-x86_64-debian-gcc, r-devel-linux-x86_64-fedora-clang, r-devel-linux-x86_64-fedora-gcc, r-devel-windows-ix86+x86_64, r-patched-linux-x86_64, r-patched-solaris-x86, r-release-linux-x86_64, r-release-macos-x86_64, r-release-windows-ix86+x86_64, r-oldrel-macos-x86_64, r-oldrel-windows-ix86+x86_64