CRAN Package Check Results for Package MethComp

Last updated on 2020-12-04 00:48:27 CET.

Flavor Version Tinstall Tcheck Ttotal Status Flags
r-devel-linux-x86_64-debian-clang 1.30.0 7.06 88.99 96.05 OK
r-devel-linux-x86_64-debian-gcc 1.30.0 6.38 71.24 77.62 OK
r-devel-linux-x86_64-fedora-clang 1.30.0 124.82 NOTE
r-devel-linux-x86_64-fedora-gcc 1.30.0 125.86 OK
r-devel-windows-ix86+x86_64 1.30.0 12.00 127.00 139.00 OK
r-patched-linux-x86_64 1.30.0 7.46 87.22 94.68 OK
r-patched-solaris-x86 1.30.0 153.90 OK
r-release-linux-x86_64 1.30.0 8.62 86.92 95.54 OK
r-release-macos-x86_64 1.30.0 OK
r-release-windows-ix86+x86_64 1.30.0 9.00 92.00 101.00 OK
r-oldrel-macos-x86_64 1.30.0 OK
r-oldrel-windows-ix86+x86_64 1.30.0 9.00 95.00 104.00 OK

Check Details

Version: 1.30.0
Check: Rd cross-references
Result: NOTE
    Undeclared package ‘R2WinBUGS’ in Rd xrefs
Flavor: r-devel-linux-x86_64-fedora-clang