CRAN Package Check Results for Package Metatron

Last updated on 2020-12-04 00:48:27 CET.

Flavor Version Tinstall Tcheck Ttotal Status Flags
r-devel-linux-x86_64-debian-clang 0.1-1 8.51 81.34 89.85 NOTE
r-devel-linux-x86_64-debian-gcc 0.1-1 8.68 63.38 72.06 NOTE
r-devel-linux-x86_64-fedora-clang 0.1-1 116.33 NOTE
r-devel-linux-x86_64-fedora-gcc 0.1-1 118.41 NOTE
r-devel-windows-ix86+x86_64 0.1-1 20.00 113.00 133.00 NOTE
r-patched-linux-x86_64 0.1-1 9.14 78.21 87.35 NOTE
r-patched-solaris-x86 0.1-1 158.50 NOTE
r-release-linux-x86_64 0.1-1 9.52 76.34 85.86 NOTE
r-release-macos-x86_64 0.1-1 NOTE
r-release-windows-ix86+x86_64 0.1-1 13.00 100.00 113.00 NOTE
r-oldrel-macos-x86_64 0.1-1 NOTE
r-oldrel-windows-ix86+x86_64 0.1-1 15.00 100.00 115.00 NOTE

Check Details

Version: 0.1-1
Check: R code for possible problems
Result: NOTE
    fit.bivar: no visible binding for global variable 'binomial'
    summary.fit.bivar: no visible global function definition for 'qt'
    summary.fit.bivar: no visible global function definition for 'pt'
    Undefined global functions or variables:
     binomial pt qt
    Consider adding
     importFrom("stats", "binomial", "pt", "qt")
    to your NAMESPACE file.
Flavors: r-devel-linux-x86_64-debian-clang, r-devel-linux-x86_64-debian-gcc, r-devel-linux-x86_64-fedora-clang, r-devel-linux-x86_64-fedora-gcc, r-devel-windows-ix86+x86_64, r-patched-linux-x86_64, r-patched-solaris-x86, r-release-linux-x86_64, r-release-macos-x86_64, r-release-windows-ix86+x86_64, r-oldrel-macos-x86_64, r-oldrel-windows-ix86+x86_64