CRAN Package Check Results for Package MetaheuristicFPA

Last updated on 2020-12-04 00:48:27 CET.

Flavor Version Tinstall Tcheck Ttotal Status Flags
r-devel-linux-x86_64-debian-clang 1.0 30.55 25.28 55.83 OK
r-devel-linux-x86_64-debian-gcc 1.0 21.79 20.26 42.05 OK
r-devel-linux-x86_64-fedora-clang 1.0 84.55 NOTE
r-devel-linux-x86_64-fedora-gcc 1.0 76.72 NOTE
r-devel-windows-ix86+x86_64 1.0 77.00 81.00 158.00 OK
r-patched-linux-x86_64 1.0 28.10 23.99 52.09 OK
r-patched-solaris-x86 1.0 82.00 OK
r-release-linux-x86_64 1.0 26.64 24.52 51.16 OK
r-release-macos-x86_64 1.0 OK
r-release-windows-ix86+x86_64 1.0 54.00 70.00 124.00 OK
r-oldrel-macos-x86_64 1.0 OK
r-oldrel-windows-ix86+x86_64 1.0 55.00 61.00 116.00 OK

Check Details

Version: 1.0
Check: compiled code
Result: NOTE
    File ‘MetaheuristicFPA/libs/MetaheuristicFPA.so’:
     Found no calls to: ‘R_registerRoutines’, ‘R_useDynamicSymbols’
    
    It is good practice to register native routines and to disable symbol
    search.
    
    See ‘Writing portable packages’ in the ‘Writing R Extensions’ manual.
Flavors: r-devel-linux-x86_64-fedora-clang, r-devel-linux-x86_64-fedora-gcc