Last updated on 2020-12-04 00:48:26 CET.
Flavor | Version | Tinstall | Tcheck | Ttotal | Status | Flags |
---|---|---|---|---|---|---|
r-devel-linux-x86_64-debian-clang | 1.0.0 | 14.96 | 106.89 | 121.85 | OK | |
r-devel-linux-x86_64-debian-gcc | 1.0.0 | 11.72 | 82.07 | 93.79 | OK | |
r-devel-linux-x86_64-fedora-clang | 1.0.0 | 148.58 | NOTE | |||
r-devel-linux-x86_64-fedora-gcc | 1.0.0 | 141.14 | NOTE | |||
r-devel-windows-ix86+x86_64 | 1.0.0 | 28.00 | 141.00 | 169.00 | OK | |
r-patched-linux-x86_64 | 1.0.0 | 10.58 | 100.52 | 111.10 | OK | |
r-release-linux-x86_64 | 1.0.0 | 9.63 | 99.13 | 108.76 | OK | |
r-release-macos-x86_64 | 1.0.0 | ERROR | ||||
r-release-windows-ix86+x86_64 | 1.0.0 | 23.00 | 97.00 | 120.00 | OK | |
r-oldrel-macos-x86_64 | 1.0.0 | ERROR | ||||
r-oldrel-windows-ix86+x86_64 | 1.0.0 | 21.00 | 130.00 | 151.00 | OK |
Version: 1.0.0
Check: package dependencies
Result: NOTE
Imports includes 29 non-default packages.
Importing from so many packages makes the package vulnerable to any of
them becoming unavailable. Move as many as possible to Suggests and
use conditionally.
Flavor: r-devel-linux-x86_64-fedora-clang
Version: 1.0.0
Check: dependencies in R code
Result: NOTE
Namespace in Imports field not imported from: ‘pacman’
All declared Imports should be used.
Flavors: r-devel-linux-x86_64-fedora-clang, r-devel-linux-x86_64-fedora-gcc
Version: 1.0.0
Check: package dependencies
Result: ERROR
Packages required but not available: 'KEGGREST', 'ChemmineR', 'Rdisop'
See section ‘The DESCRIPTION file’ in the ‘Writing R Extensions’
manual.
Flavor: r-release-macos-x86_64
Version: 1.0.0
Check: package dependencies
Result: ERROR
Package required but not available: ‘ChemmineR’
See section ‘The DESCRIPTION file’ in the ‘Writing R Extensions’
manual.
Flavor: r-oldrel-macos-x86_64