CRAN Package Check Results for Package MazamaSpatialUtils

Last updated on 2020-12-04 00:48:26 CET.

Flavor Version Tinstall Tcheck Ttotal Status Flags
r-devel-linux-x86_64-debian-clang 0.7.3 10.47 89.24 99.71 OK
r-devel-linux-x86_64-debian-gcc 0.7.3 7.96 69.04 77.00 OK
r-devel-linux-x86_64-fedora-clang 0.7.3 128.88 NOTE
r-devel-linux-x86_64-fedora-gcc 0.7.3 121.36 NOTE
r-devel-windows-ix86+x86_64 0.7.3 42.00 164.00 206.00 OK
r-patched-linux-x86_64 0.7.3 9.40 86.42 95.82 OK
r-patched-solaris-x86 0.7.3 149.20 NOTE
r-release-linux-x86_64 0.7.3 8.08 86.21 94.29 OK
r-release-macos-x86_64 0.7.3 NOTE
r-release-windows-ix86+x86_64 0.6.4 12.00 92.00 104.00 OK
r-oldrel-macos-x86_64 0.7.3 NOTE
r-oldrel-windows-ix86+x86_64 0.7.3 34.00 115.00 149.00 OK

Check Details

Version: 0.7.3
Check: dependencies in R code
Result: NOTE
    Namespace in Imports field not imported from: ‘tidyr’
     All declared Imports should be used.
Flavors: r-devel-linux-x86_64-fedora-clang, r-devel-linux-x86_64-fedora-gcc, r-patched-solaris-x86, r-release-macos-x86_64, r-oldrel-macos-x86_64

Version: 0.7.3
Check: data for non-ASCII characters
Result: NOTE
     Note: found 17 marked UTF-8 strings
Flavors: r-devel-linux-x86_64-fedora-clang, r-devel-linux-x86_64-fedora-gcc, r-patched-solaris-x86, r-release-macos-x86_64, r-oldrel-macos-x86_64