Last updated on 2020-12-04 00:48:26 CET.
Flavor | Version | Tinstall | Tcheck | Ttotal | Status | Flags |
---|---|---|---|---|---|---|
r-devel-linux-x86_64-debian-clang | 4.0.1 | 48.52 | 203.72 | 252.24 | OK | |
r-devel-linux-x86_64-debian-gcc | 4.0.1 | 30.55 | 153.77 | 184.32 | OK | |
r-devel-linux-x86_64-fedora-clang | 4.0.1 | 311.08 | OK | |||
r-devel-linux-x86_64-fedora-gcc | 4.0.1 | 325.94 | OK | |||
r-devel-windows-ix86+x86_64 | 4.0.1 | 92.00 | 274.00 | 366.00 | OK | |
r-patched-linux-x86_64 | 4.0.1 | 36.04 | 195.78 | 231.82 | OK | |
r-patched-solaris-x86 | 4.0.1 | 351.90 | OK | |||
r-release-linux-x86_64 | 4.0.1 | 38.40 | 193.67 | 232.07 | OK | |
r-release-macos-x86_64 | 4.0.1 | OK | ||||
r-release-windows-ix86+x86_64 | 4.0.1 | 70.00 | 216.00 | 286.00 | OK | |
r-oldrel-macos-x86_64 | 4.0.1 | WARN | ||||
r-oldrel-windows-ix86+x86_64 | 4.0.1 | 66.00 | 232.00 | 298.00 | OK |
Version: 4.0.1
Check: dependencies in R code
Result: NOTE
No protocol specified
No protocol specified
Flavor: r-oldrel-macos-x86_64
Version: 4.0.1
Check: Rd files
Result: WARN
No protocol specified
No protocol specified
prepare_Rd: couldn't connect to display ":0"
Flavor: r-oldrel-macos-x86_64
Version: 4.0.1
Check: for unstated dependencies in examples
Result: WARN
No protocol specified
No protocol specified
Warning in fun(libname, pkgname) : couldn't connect to display ":0"
Flavor: r-oldrel-macos-x86_64