Last updated on 2020-12-04 00:48:26 CET.
Flavor | Version | Tinstall | Tcheck | Ttotal | Status | Flags |
---|---|---|---|---|---|---|
r-devel-linux-x86_64-debian-clang | 1.0.0 | 223.18 | 27.64 | 250.82 | OK | |
r-devel-linux-x86_64-debian-gcc | 1.0.0 | 143.99 | 22.27 | 166.26 | OK | |
r-devel-linux-x86_64-fedora-clang | 1.0.0 | 407.13 | NOTE | |||
r-devel-linux-x86_64-fedora-gcc | 1.0.0 | 335.38 | OK | |||
r-devel-windows-ix86+x86_64 | 1.0.0 | 896.00 | 84.00 | 980.00 | OK | |
r-patched-linux-x86_64 | 1.0.0 | 173.60 | 27.86 | 201.46 | OK | |
r-patched-solaris-x86 | 1.0.0 | 269.00 | OK | |||
r-release-linux-x86_64 | 1.0.0 | 172.75 | 26.33 | 199.08 | OK | |
r-release-macos-x86_64 | 1.0.0 | NOTE | ||||
r-release-windows-ix86+x86_64 | 1.0.0 | 648.00 | 82.00 | 730.00 | OK | |
r-oldrel-macos-x86_64 | 1.0.0 | NOTE | ||||
r-oldrel-windows-ix86+x86_64 | 1.0.0 | 579.00 | 79.00 | 658.00 | OK |
Version: 1.0.0
Check: installed package size
Result: NOTE
installed size is 10.9Mb
sub-directories of 1Mb or more:
libs 10.5Mb
Flavors: r-devel-linux-x86_64-fedora-clang, r-release-macos-x86_64, r-oldrel-macos-x86_64