CRAN Package Check Results for Package Maeswrap

Last updated on 2020-12-04 00:48:26 CET.

Flavor Version Tinstall Tcheck Ttotal Status Flags
r-devel-linux-x86_64-debian-clang 1.7 6.68 47.57 54.25 OK
r-devel-linux-x86_64-debian-gcc 1.7 5.94 41.02 46.96 OK
r-devel-linux-x86_64-fedora-clang 1.7 71.24 OK
r-devel-linux-x86_64-fedora-gcc 1.7 67.83 OK
r-devel-windows-ix86+x86_64 1.7 13.00 67.00 80.00 OK
r-patched-linux-x86_64 1.7 6.39 46.01 52.40 OK
r-patched-solaris-x86 1.7 92.70 OK
r-release-linux-x86_64 1.7 6.00 46.23 52.23 OK
r-release-macos-x86_64 1.7 OK
r-release-windows-ix86+x86_64 1.7 10.00 66.00 76.00 OK
r-oldrel-macos-x86_64 1.7 WARN
r-oldrel-windows-ix86+x86_64 1.7 9.00 62.00 71.00 OK

Check Details

Version: 1.7
Check: whether package can be installed
Result: WARN
    Found the following significant warnings:
     Warning: 'rgl_init' failed, running with rgl.useNULL = TRUE
Flavor: r-oldrel-macos-x86_64