Last updated on 2020-12-04 00:48:27 CET.
Flavor | Version | Tinstall | Tcheck | Ttotal | Status | Flags |
---|---|---|---|---|---|---|
r-devel-linux-x86_64-debian-clang | 0.1-19 | 2.03 | 25.20 | 27.23 | OK | |
r-devel-linux-x86_64-debian-gcc | 0.1-19 | 2.11 | 20.28 | 22.39 | OK | |
r-devel-linux-x86_64-fedora-clang | 0.1-19 | 40.36 | NOTE | |||
r-devel-linux-x86_64-fedora-gcc | 0.1-19 | 32.13 | OK | |||
r-devel-windows-ix86+x86_64 | 0.1-19 | 5.00 | 42.00 | 47.00 | OK | |
r-patched-linux-x86_64 | 0.1-19 | 2.31 | 25.53 | 27.84 | OK | |
r-patched-solaris-x86 | 0.1-19 | 45.80 | OK | |||
r-release-linux-x86_64 | 0.1-19 | 2.62 | 25.41 | 28.03 | OK | |
r-release-macos-x86_64 | 0.1-19 | OK | ||||
r-release-windows-ix86+x86_64 | 0.1-19 | 4.00 | 42.00 | 46.00 | OK | |
r-oldrel-macos-x86_64 | 0.1-19 | NOTE | ||||
r-oldrel-windows-ix86+x86_64 | 0.1-19 | 4.00 | 39.00 | 43.00 | NOTE |
Version: 0.1-19
Check: Rd cross-references
Result: NOTE
Undeclared package ‘lme4’ in Rd xrefs
Flavor: r-devel-linux-x86_64-fedora-clang
Version: 0.1-19
Check: R code for possible problems
Result: NOTE
plot.binom.diag: no visible global function definition for ‘plot’
Undefined global functions or variables:
plot
Consider adding
importFrom("graphics", "plot")
to your NAMESPACE file.
Flavors: r-oldrel-macos-x86_64, r-oldrel-windows-ix86+x86_64