CRAN Package Check Results for Package MLZ

Last updated on 2020-12-04 00:48:27 CET.

Flavor Version Tinstall Tcheck Ttotal Status Flags
r-devel-linux-x86_64-debian-clang 0.1.3 168.77 119.66 288.43 OK
r-devel-linux-x86_64-debian-gcc 0.1.3 100.17 91.24 191.41 OK
r-devel-linux-x86_64-fedora-clang 0.1.3 419.01 NOTE
r-devel-linux-x86_64-fedora-gcc 0.1.3 321.04 OK
r-devel-windows-ix86+x86_64 0.1.3 247.00 204.00 451.00 NOTE
r-patched-linux-x86_64 0.1.3 100.08 114.62 214.70 OK
r-patched-solaris-x86 0.1.3 332.50 OK
r-release-linux-x86_64 0.1.3 99.51 112.78 212.29 OK
r-release-macos-x86_64 0.1.3 NOTE
r-release-windows-ix86+x86_64 0.1.3 182.00 150.00 332.00 NOTE
r-oldrel-macos-x86_64 0.1.3 NOTE
r-oldrel-windows-ix86+x86_64 0.1.3 225.00 187.00 412.00 NOTE

Check Details

Version: 0.1.3
Check: installed package size
Result: NOTE
     installed size is 25.4Mb
     sub-directories of 1Mb or more:
     libs 24.9Mb
Flavors: r-devel-linux-x86_64-fedora-clang, r-devel-windows-ix86+x86_64, r-release-macos-x86_64, r-release-windows-ix86+x86_64, r-oldrel-macos-x86_64, r-oldrel-windows-ix86+x86_64